{"id":37,"date":"2023-05-15T18:10:28","date_gmt":"2023-05-15T18:10:28","guid":{"rendered":"https:\/\/gpv-aschheim.de\/?page_id=37"},"modified":"2023-10-01T09:17:30","modified_gmt":"2023-10-01T09:17:30","slug":"leros","status":"publish","type":"page","link":"https:\/\/gpv-aschheim.de\/?page_id=37","title":{"rendered":"Leros"},"content":{"rendered":"\n<h2 class=\"wp-block-heading\">Leros &#8211; Anreise<\/h2>\n\n\n\n<p><strong>Flughafen Leros<\/strong><\/p>\n\n\n\n<p>Der \u201eLeros National Airport\u201c liegt im Norden der Insel bei Partheni. Er wird von Olympic Air mit kleinen Maschinen von Athen-Ellinikon aus angeflogen (Flugdauer: 1 h). Der Flughafen ist klein, die Landebahn ist sehr kurz, so dass eine Landung von gr\u00f6\u00dferen Jets unm\u00f6glich ist. Auch kann es aufgrund starken Windes vorkommen, dass Maschinen nicht landen k\u00f6nnen und wieder umkehren m\u00fcssen.<\/p>\n\n\n\n<p><strong>Schiffsverkehr<\/strong><\/p>\n\n\n\n<p>Es gibt zwei H\u00e4fen auf Leros: der kleinere ist in Agia Marina. Er wird von den F\u00e4hren der Dodekanese Seaways angelaufen. Die gro\u00dfen F\u00e4hren halten in Lakki.<\/p>\n\n\n\n<p>&#8211; <em>\u201eBlue Star Ferries\u201c<\/em>:<\/p>\n\n\n\n<p>Die Schiffe fahren von Pir\u00e4us aus die Inseln in der \u00c4g\u00e4is an. Von Pir\u00e4us bis nach Leros dauert die \u00dcberfahrt ca. 9 \u2014 10 h. Auf dem Schiff gibt es auch Kabinen. Von Kos aus sind es ca. 2 h.<\/p>\n\n\n\n<p>&#8211; <em>\u201eDodekanese Seaways\u201c<\/em>:<\/p>\n\n\n\n<p>Die Katamarane dieser Reederei befahren die Inseln im Dodekanes. Im Sommer gibt es zahlreiche Verbindungen; im Winter ist das Angebot sp\u00e4rlich. Es bietet sich an, nach Kos zu fliegen und von dort mit dem Katamaran in ca. 1,5 h nach Leros zu fahren. Anstatt Kos k\u00f6nnte man ggf. auch Rhodos oder Samos w\u00e4hlen.<\/p>\n\n\n\n<h2 class=\"wp-block-heading\"> <\/h2>\n\n\n\n<h2 class=\"wp-block-heading\">Leros &#8211; Lage und Geschichte<\/h2>\n\n\n\n<p><strong><em>Der Mythologie zufolge ist Leros die Insel von Artemis, der G\u00f6ttin der W\u00e4lder und der Jagd.<\/em><\/strong><br><br>Die griechische Insel und Gemeinde Leros liegt in der Inselgruppe des Dodekanes (zu der auch Kos und Rhodos geh\u00f6ren) vor der t\u00fcrkischen K\u00fcste in der S\u00fcd\u00e4gais und hatte<strong> im Jahr 2021 genau 7.689 Einwohner<\/strong>. <br>Sie umfasst eine <strong>Fl\u00e4che von 53 m<sup>2<\/sup><\/strong> mit einer <strong>K\u00fcstenlinie von 71 km<\/strong>, die mit wundersch\u00f6nen unber\u00fchrten Str\u00e4nden und vielen gro\u00dfen und kleinen nat\u00fcrlichen Buchten gef\u00fcllt ist.<\/p>\n\n\n\n<p><br>Der h\u00f6chste Punkt ist der <strong>Berg Kleidi (320m)<\/strong> \u00fcber der Bucht von Alinda.<br>Auf Leros gibt es ca. 15 gr\u00f6\u00dfere und kleinere Ortschaften und Ansiedlungen.<br><br><strong>Von Aschheim ist Leros ca. 1.800 km (Luftlinie) entfernt.<\/strong><\/p>\n\n\n\n<figure class=\"wp-block-image size-full\"><img loading=\"lazy\" decoding=\"async\" width=\"1024\" height=\"1448\" src=\"https:\/\/gpv-aschheim.de\/wp-content\/uploads\/2023\/10\/die-insel-leros-sudliche-agais-k.jpg\" alt=\"\" class=\"wp-image-883\" srcset=\"https:\/\/gpv-aschheim.de\/wp-content\/uploads\/2023\/10\/die-insel-leros-sudliche-agais-k.jpg 1024w, https:\/\/gpv-aschheim.de\/wp-content\/uploads\/2023\/10\/die-insel-leros-sudliche-agais-k-566x800.jpg 566w, https:\/\/gpv-aschheim.de\/wp-content\/uploads\/2023\/10\/die-insel-leros-sudliche-agais-k-768x1086.jpg 768w\" sizes=\"auto, (max-width: 1024px) 100vw, 1024px\" \/><\/figure>\n\n\n\n<p>Ihrer strategischen Lage im Mittelmeer \u201everdankt\u201c die Insel einen Gutteil ihrer sehr wechselvollen Geschichte:<br>So wurde Leros z.B. <strong>1522 von den T\u00fcrken erobert<\/strong>, war dann kurze Zeit im Besitz von Venezianern, war danach ein paar Jahre frei, wurde 1830 wieder an die T\u00fcrkei \u00fcbergeben. <strong>Die Italiener herrschten von 1912 bis 1948 \u00fcber<\/strong> die Insel. Nach der Kapitulation Italiens im 2. Weltkrieg wurde Leros <strong>im September 1943 von britischen Truppen besetzt<\/strong>. Es folgte von September bis November <strong>1943 52 Tage lang der \u201eBattle of Leros\u201c<\/strong>: deutsche Truppen eroberten mit starken Bombardements die Insel. <br><br>Der Film &#8222;The Guns of Navarone&#8220; wurde wahrscheinlich von den Ereignissen auf Leros inspiriert. <br><\/p>\n\n\n\n<p><strong>1948 wurde Leros in den griechischen Staat integriert.<\/strong><br> Unter der Milit\u00e4rdiktatur in Griechenland (1967\u20131974) war die Insel als Gef\u00e4ngnis, Umerziehungslager und Internierungsort f\u00fcr politische H\u00e4ftlinge unr\u00fchmlich bekannt.<br>1957 wurde bei Lakki die gr\u00f6\u00dfte psychiatrische Klinik Griechenlands eingerichtet. Nachdem 1980 die dort herrschenden unhaltbaren Zust\u00e4nde ver\u00f6ffentlicht wurden, setzte man in Griechenland ein neues Psychiatrieprogramm um, die Zust\u00e4nde \u00e4nderten sich. <br><br>Auch heute gibt es auf Leros noch eine Klinik f\u00fcr psychisch Kranke, welche mit den beschriebenen Verh\u00e4ltnissen nichts mehr gemein hat, und ein Krankenhaus.<br><br>Heute ist Leros eine gastfreundliche, landschaftlich sch\u00f6ne Insel, auf der einige Bewohner noch von Fischfang und Landwirtschaft leben. Ein Teil arbeitet auch in irgendeiner Weise f\u00fcr das \u00f6rtliche Krankenhaus, oder als Beamte und Lehrer. Vom Tourismus wurde die Insel noch nicht so recht entdeckt. Bei Seglern und Tauchern, und neuerdings auch bei Mountain Bikern, ist sie allerdings schon eher bekannt. Gem\u00fctliche Tavernen, hervorragendes Essen u.a. mit vielen Fischspezialit\u00e4ten, guter Wein und Bier, die ber\u00fchmte griechische Gastfreundschaft und eine fr\u00f6hliche Atmosph\u00e4re sind allerdings ideale Voraussetzungen f\u00fcr einen erholsamen Urlaub.<\/p>\n\n\n\n<figure class=\"wp-block-image size-full\"><img loading=\"lazy\" decoding=\"async\" width=\"720\" height=\"440\" src=\"https:\/\/gpv-aschheim.de\/wp-content\/uploads\/2023\/08\/IMG_9971-720x440-1.jpg\" alt=\"\" class=\"wp-image-738\"\/><\/figure>\n","protected":false},"excerpt":{"rendered":"<p>Leros &#8211; Anreise Flughafen Leros Der \u201eLeros National Airport\u201c liegt im Norden der Insel bei Partheni. Er wird von Olympic Air mit kleinen Maschinen von Athen-Ellinikon aus angeflogen (Flugdauer: 1 h). Der Flughafen ist klein, die Landebahn ist sehr kurz, so dass eine Landung von gr\u00f6\u00dferen Jets unm\u00f6glich ist. Auch kann es aufgrund starken Windes [&hellip;]<\/p>\n","protected":false},"author":1,"featured_media":0,"parent":0,"menu_order":0,"comment_status":"closed","ping_status":"closed","template":"","meta":{"footnotes":""},"class_list":["post-37","page","type-page","status-publish","hentry","post"],"_links":{"self":[{"href":"https:\/\/gpv-aschheim.de\/index.php?rest_route=\/wp\/v2\/pages\/37","targetHints":{"allow":["GET"]}}],"collection":[{"href":"https:\/\/gpv-aschheim.de\/index.php?rest_route=\/wp\/v2\/pages"}],"about":[{"href":"https:\/\/gpv-aschheim.de\/index.php?rest_route=\/wp\/v2\/types\/page"}],"author":[{"embeddable":true,"href":"https:\/\/gpv-aschheim.de\/index.php?rest_route=\/wp\/v2\/users\/1"}],"replies":[{"embeddable":true,"href":"https:\/\/gpv-aschheim.de\/index.php?rest_route=%2Fwp%2Fv2%2Fcomments&post=37"}],"version-history":[{"count":10,"href":"https:\/\/gpv-aschheim.de\/index.php?rest_route=\/wp\/v2\/pages\/37\/revisions"}],"predecessor-version":[{"id":892,"href":"https:\/\/gpv-aschheim.de\/index.php?rest_route=\/wp\/v2\/pages\/37\/revisions\/892"}],"wp:attachment":[{"href":"https:\/\/gpv-aschheim.de\/index.php?rest_route=%2Fwp%2Fv2%2Fmedia&parent=37"}],"curies":[{"name":"wp","href":"https:\/\/api.w.org\/{rel}","templated":true}]}}