{"id":45,"date":"2023-05-15T18:11:43","date_gmt":"2023-05-15T18:11:43","guid":{"rendered":"https:\/\/gpv-aschheim.de\/?page_id=45"},"modified":"2023-09-30T11:31:13","modified_gmt":"2023-09-30T11:31:13","slug":"der-verein","status":"publish","type":"page","link":"https:\/\/gpv-aschheim.de\/?page_id=45","title":{"rendered":"Der Verein"},"content":{"rendered":"\n<figure class=\"wp-block-image size-full\"><img loading=\"lazy\" decoding=\"async\" width=\"1024\" height=\"576\" src=\"https:\/\/gpv-aschheim.de\/wp-content\/uploads\/2023\/09\/der-verein.jpg\" alt=\"\" class=\"wp-image-804\" srcset=\"https:\/\/gpv-aschheim.de\/wp-content\/uploads\/2023\/09\/der-verein.jpg 1024w, https:\/\/gpv-aschheim.de\/wp-content\/uploads\/2023\/09\/der-verein-800x450.jpg 800w, https:\/\/gpv-aschheim.de\/wp-content\/uploads\/2023\/09\/der-verein-768x432.jpg 768w\" sizes=\"auto, (max-width: 1024px) 100vw, 1024px\" \/><\/figure>\n\n\n\n<h2 class=\"wp-block-heading\"><strong>Kommunale europ\u00e4ische Partnerschaften <\/strong><br><strong>der Gemeinde Aschheim<\/strong><\/h2>\n\n\n\n<div class=\"wp-block-columns is-layout-flex wp-container-core-columns-is-layout-9d6595d7 wp-block-columns-is-layout-flex\">\n<div class=\"wp-block-column is-layout-flow wp-block-column-is-layout-flow\">\n<p>Im Jahr 1999 beschloss der Gemeinderat Aschheim kommunale europ\u00e4ische Partnerschaften einzugehen und unterzeichnete noch im gleichen Jahr Partnerschaftsvertr\u00e4ge mit den Gemeinden Mougins in S\u00fcdfrankreich, Jedovnice\/Kotvrodovice in Tschechien und Leros in Griechenland. Damit die Partnerschaften nicht nur auf offizieller Basis bestehen, sondern die gesamte Bev\u00f6lkerung in die Partnerschaften eingebunden werden kann, befassten sich auf Anregung von Altb\u00fcrgermeister Helmut J. Englmann von der Idee begeisterte B\u00fcrger mit der Gr\u00fcndung eines Gemeindepartnerschaftsvereins. Unter dem Dach des noch im Jahr 1999 gegr\u00fcndeten \u201eGemeindepartnerschaftsverein Aschheim e. V.\u201c sind Komitees integriert, die sich speziell mit der Pflege der Partnerschaft in den jeweiligen Partnergemeinden befassen.<\/p>\n<\/div>\n\n\n\n<div class=\"wp-block-column is-layout-flow wp-block-column-is-layout-flow\">\n<p><\/p>\n\n\n\n<p>Im Jahr 2010 wurde zudem eine kommunale Freundschaft mit der Gemeinde Liegau-Augustusbad in Sachsen offiziell besiegelt und als eine weitere Partnergemeinde den Partnerschaften im europ\u00e4ischen Ausland gleichgestellt. Die Freundschaft hatte sich im Rahmen der kommunalen Aufbauhilfe in den neuen Bundesl\u00e4ndern entwickelt.<\/p>\n\n\n\n<p>Der Gemeindepartnerschaftsverein Aschheim e. V. besteht nun seit mehr als 22 Jahren und ist bereits dabei, das Jubil\u00e4um \u201e25 Jahre Gemeindepartnerschaften\u201c vorzubereiten.<\/p>\n\n\n\n<p>W\u00e4hrend der vergangenen Jahre gab es viele sch\u00f6ne Begegnungen, vielseitige Erfahrungen und ein interessantes, gegenseitiges Einander-kennen-Lernen der Kulturen, der Geschichte und Traditionen im Sinne des europ\u00e4ischen Gedankens.<\/p>\n\n\n\n<p>Haben wir jetzt Ihr Interesse an den Partnerschaften geweckt? Dann bl\u00e4ttern Sie einfach weiter \u2026..<\/p>\n<\/div>\n<\/div>\n","protected":false},"excerpt":{"rendered":"<p>Kommunale europ\u00e4ische Partnerschaften der Gemeinde Aschheim Im Jahr 1999 beschloss der Gemeinderat Aschheim kommunale europ\u00e4ische Partnerschaften einzugehen und unterzeichnete noch im gleichen Jahr Partnerschaftsvertr\u00e4ge mit den Gemeinden Mougins in S\u00fcdfrankreich, Jedovnice\/Kotvrodovice in Tschechien und Leros in Griechenland. Damit die Partnerschaften nicht nur auf offizieller Basis bestehen, sondern die gesamte Bev\u00f6lkerung in die Partnerschaften eingebunden werden [&hellip;]<\/p>\n","protected":false},"author":1,"featured_media":0,"parent":0,"menu_order":0,"comment_status":"closed","ping_status":"closed","template":"","meta":{"footnotes":""},"class_list":["post-45","page","type-page","status-publish","hentry","post"],"_links":{"self":[{"href":"https:\/\/gpv-aschheim.de\/index.php?rest_route=\/wp\/v2\/pages\/45","targetHints":{"allow":["GET"]}}],"collection":[{"href":"https:\/\/gpv-aschheim.de\/index.php?rest_route=\/wp\/v2\/pages"}],"about":[{"href":"https:\/\/gpv-aschheim.de\/index.php?rest_route=\/wp\/v2\/types\/page"}],"author":[{"embeddable":true,"href":"https:\/\/gpv-aschheim.de\/index.php?rest_route=\/wp\/v2\/users\/1"}],"replies":[{"embeddable":true,"href":"https:\/\/gpv-aschheim.de\/index.php?rest_route=%2Fwp%2Fv2%2Fcomments&post=45"}],"version-history":[{"count":5,"href":"https:\/\/gpv-aschheim.de\/index.php?rest_route=\/wp\/v2\/pages\/45\/revisions"}],"predecessor-version":[{"id":805,"href":"https:\/\/gpv-aschheim.de\/index.php?rest_route=\/wp\/v2\/pages\/45\/revisions\/805"}],"wp:attachment":[{"href":"https:\/\/gpv-aschheim.de\/index.php?rest_route=%2Fwp%2Fv2%2Fmedia&parent=45"}],"curies":[{"name":"wp","href":"https:\/\/api.w.org\/{rel}","templated":true}]}}