{"id":536,"date":"2023-05-27T11:17:38","date_gmt":"2023-05-27T11:17:38","guid":{"rendered":"https:\/\/gpv-aschheim.de\/?page_id=536"},"modified":"2024-01-06T15:27:15","modified_gmt":"2024-01-06T15:27:15","slug":"komitee-leros","status":"publish","type":"page","link":"https:\/\/gpv-aschheim.de\/?page_id=536","title":{"rendered":"Komitee Leros"},"content":{"rendered":"<div id=\"pl-gb536-69f7367a3ede8\"  class=\"panel-layout\" ><div id=\"pg-gb536-69f7367a3ede8-0\"  class=\"panel-grid panel-has-style\" ><div class=\"siteorigin-panels-stretch panel-row-style panel-row-style-for-gb536-69f7367a3ede8-0\" data-stretch-type=\"full\" ><div id=\"pgc-gb536-69f7367a3ede8-0-0\"  class=\"panel-grid-cell\" ><div id=\"panel-gb536-69f7367a3ede8-0-0-0\" class=\"so-panel widget widget_sow-headline panel-first-child\" data-index=\"0\" ><div class=\"headline-komitee panel-widget-style panel-widget-style-for-gb536-69f7367a3ede8-0-0-0\" id=\"headline-komitee\" ><div\n\t\t\t\n\t\t\tclass=\"so-widget-sow-headline so-widget-sow-headline-default-230a54f61344-536\"\n\t\t\t\n\t\t><div class=\"sow-headline-container \">\n\t\t\t\t\t\t\t<h2 class=\"sow-headline\">\n\t\t\t\t\t\tUNSER KOMITEE\t\t\t\t\t\t<\/h2>\n\t\t\t\t\t\t\t\t\t\t\t<div class=\"decoration\">\n\t\t\t\t\t\t<div class=\"decoration-inside\"><\/div>\n\t\t\t\t\t<\/div>\n\t\t\t\t\t<\/div>\n<\/div><\/div><\/div><div id=\"panel-gb536-69f7367a3ede8-0-0-1\" class=\"so-panel widget widget_siteorigin-panels-builder panel-last-child\" data-index=\"1\" ><div class=\"panel-widget-style panel-widget-style-for-gb536-69f7367a3ede8-0-0-1\" ><div id=\"pl-w6599715214b76\"  class=\"panel-layout\" ><div id=\"pg-w6599715214b76-0\"  class=\"panel-grid panel-no-style\" ><div id=\"pgc-w6599715214b76-0-0\"  class=\"panel-grid-cell\" ><div id=\"panel-w6599715214b76-0-0-0\" class=\"so-panel widget widget_sow-image panel-first-child\" data-index=\"0\" ><div\n\t\t\t\n\t\t\tclass=\"so-widget-sow-image so-widget-sow-image-default-ad27ff908450\"\n\t\t\t\n\t\t>\n<div class=\"sow-image-container\">\n\t\t<img \n\tsrc=\"https:\/\/gpv-aschheim.de\/wp-content\/uploads\/2023\/12\/Margit.jpg\" width=\"540\" height=\"330\" sizes=\"(max-width: 540px) 100vw, 540px\" style=\"width: 540px; height: 330px;\" alt=\"\" \t\tclass=\"so-widget-image\"\/>\n\t<\/div>\n\n<\/div><\/div><div id=\"panel-w6599715214b76-0-0-1\" class=\"so-panel widget widget_sow-editor panel-last-child\" data-index=\"1\" ><div\n\t\t\t\n\t\t\tclass=\"so-widget-sow-editor so-widget-sow-editor-base\"\n\t\t\t\n\t\t><h3 class=\"widget-title\">Margit Felgner<\/h3>\n<div class=\"siteorigin-widget-tinymce textwidget\">\n\t<p style=\"text-align: center;\"><em><strong>Komiteesprecherin<\/strong><\/em><\/p>\n<\/div>\n<\/div><\/div><\/div><div id=\"pgc-w6599715214b76-0-1\"  class=\"panel-grid-cell\" ><div id=\"panel-w6599715214b76-0-1-0\" class=\"so-panel widget widget_sow-image panel-first-child\" data-index=\"2\" ><div\n\t\t\t\n\t\t\tclass=\"so-widget-sow-image so-widget-sow-image-default-ad27ff908450\"\n\t\t\t\n\t\t>\n<div class=\"sow-image-container\">\n\t\t<img \n\tsrc=\"https:\/\/gpv-aschheim.de\/wp-content\/uploads\/2024\/01\/Gruppenfoto_Komitee.jpg\" width=\"540\" height=\"330\" sizes=\"(max-width: 540px) 100vw, 540px\" style=\"width: 540px; height: 330px;\" alt=\"\" \t\tclass=\"so-widget-image\"\/>\n\t<\/div>\n\n<\/div><\/div><div id=\"panel-w6599715214b76-0-1-1\" class=\"so-panel widget widget_sow-editor panel-last-child\" data-index=\"3\" ><div\n\t\t\t\n\t\t\tclass=\"so-widget-sow-editor so-widget-sow-editor-base\"\n\t\t\t\n\t\t><h3 class=\"widget-title\">Unser Komitee<\/h3>\n<div class=\"siteorigin-widget-tinymce textwidget\">\n\t<p style=\"text-align: center;\"><em><strong>Unsere aktiven Komiteemitglieder<br \/>\n<\/strong><\/em><\/p>\n<\/div>\n<\/div><\/div><\/div><\/div><\/div><\/div><\/div><\/div><\/div><\/div><div id=\"pg-gb536-69f7367a3ede8-1\"  class=\"panel-grid panel-no-style\" ><div id=\"pgc-gb536-69f7367a3ede8-1-0\"  class=\"panel-grid-cell\" ><div id=\"panel-gb536-69f7367a3ede8-1-0-0\" class=\"so-panel widget widget_text panel-first-child panel-last-child\" data-index=\"2\" >\t\t\t<div class=\"textwidget\"><p><em>\u201eWords are not enough to describe the hospitality that we received in this trip to Aschheim. We came to find friends and we found a \u201ebig warm family\u201c!\u201c<\/em><\/p>\n<p>Das hat der Basketballverein \u201ePanionios Lerou BC\u201c im Januar 2020 in unser G\u00e4stebuch geschrieben.<\/p>\n<p>Wir freuen uns \u00fcber jeden, der die weite Reise von Leros nach Aschheim auf sich nimmt und jeden, der unsere sch\u00f6ne Partner-Insel Leros besuchen m\u00f6chte.<\/p>\n<p>Wir freuen uns, Freunde wiederzutreffen und neue Leute kennenzulernen.<\/p>\n<p>Und wir freuen uns immer \u00fcber neue Komitee-Mitglieder! Das Leros-Komitee besteht aus ca. 63 Personen und Familien, von denen sich 25-30 aktiv an der Partnerschaft beteiligen. Auf Leros gibt es kein entsprechendes \u201eAschheim-Komitee\u201c, darum ist es f\u00fcr uns besonders wichtig, immer den Kontakt zu unseren Bekannten auf Leros und den Vereinen und Organisationen vor Ort zu halten. Eine gro\u00dfe Hilfe hierbei ist der Kultur- und Heimatverein \u201eArtemis\u201c mit seinem Vorsitzenden Antonis Ntallaris.<\/p>\n<p>Seit ein paar Jahren hat sich unsere Spenden-Aktion am Aschheimer Marktplatz (Verkauf griechischer Produkte an ein paar Markttagen) zugunsten bed\u00fcrftiger Personen\/Familien oder gemeinn\u00fctziger Organisationen auf Leros etabliert.<\/p>\n<p>Wer uns gerne n\u00e4her kennenlernen m\u00f6chte, kann sich gerne an die Komiteesprecherin Margit Felgner (mobil 0176 55532370, felgner.leros.commitee(at)gmail.com) wenden.<\/p>\n<\/div>\n\t\t<\/div><\/div><\/div><\/div>","protected":false},"excerpt":{"rendered":"<p>\u201eWords are not enough to describe the hospitality that we received in this trip to Aschheim. We came to find friends and we found a \u201ebig warm family\u201c!\u201c Das hat der Basketballverein \u201ePanionios Lerou BC\u201c im Januar 2020 in unser G\u00e4stebuch geschrieben. Wir freuen uns \u00fcber jeden, der die weite Reise von Leros nach Aschheim [&hellip;]<\/p>\n","protected":false},"author":1,"featured_media":0,"parent":37,"menu_order":5,"comment_status":"closed","ping_status":"closed","template":"home-panels.php","meta":{"footnotes":""},"class_list":["post-536","page","type-page","status-publish","hentry","post"],"_links":{"self":[{"href":"https:\/\/gpv-aschheim.de\/index.php?rest_route=\/wp\/v2\/pages\/536","targetHints":{"allow":["GET"]}}],"collection":[{"href":"https:\/\/gpv-aschheim.de\/index.php?rest_route=\/wp\/v2\/pages"}],"about":[{"href":"https:\/\/gpv-aschheim.de\/index.php?rest_route=\/wp\/v2\/types\/page"}],"author":[{"embeddable":true,"href":"https:\/\/gpv-aschheim.de\/index.php?rest_route=\/wp\/v2\/users\/1"}],"replies":[{"embeddable":true,"href":"https:\/\/gpv-aschheim.de\/index.php?rest_route=%2Fwp%2Fv2%2Fcomments&post=536"}],"version-history":[{"count":31,"href":"https:\/\/gpv-aschheim.de\/index.php?rest_route=\/wp\/v2\/pages\/536\/revisions"}],"predecessor-version":[{"id":1138,"href":"https:\/\/gpv-aschheim.de\/index.php?rest_route=\/wp\/v2\/pages\/536\/revisions\/1138"}],"up":[{"embeddable":true,"href":"https:\/\/gpv-aschheim.de\/index.php?rest_route=\/wp\/v2\/pages\/37"}],"wp:attachment":[{"href":"https:\/\/gpv-aschheim.de\/index.php?rest_route=%2Fwp%2Fv2%2Fmedia&parent=536"}],"curies":[{"name":"wp","href":"https:\/\/api.w.org\/{rel}","templated":true}]}}

<div id="pl-gb536-69f7367a3ede8"  class="panel-layout" ><div id="pg-gb536-69f7367a3ede8-0"  class="panel-grid panel-has-style" ><div class="siteorigin-panels-stretch panel-row-style panel-row-style-for-gb536-69f7367a3ede8-0" data-stretch-type="full" ><div id="pgc-gb536-69f7367a3ede8-0-0"  class="panel-grid-cell" ><div id="panel-gb536-69f7367a3ede8-0-0-0" class="so-panel widget widget_sow-headline panel-first-child" data-index="0" ><div class="headline-komitee panel-widget-style panel-widget-style-for-gb536-69f7367a3ede8-0-0-0" id="headline-komitee" ><div
			
			class="so-widget-sow-headline so-widget-sow-headline-default-230a54f61344-536"
			
		><div class="sow-headline-container ">
							<h2 class="sow-headline">
						UNSER KOMITEE						</h2>
											<div class="decoration">
						<div class="decoration-inside"></div>
					</div>
					</div>
</div></div></div><div id="panel-gb536-69f7367a3ede8-0-0-1" class="so-panel widget widget_siteorigin-panels-builder panel-last-child" data-index="1" ><div class="panel-widget-style panel-widget-style-for-gb536-69f7367a3ede8-0-0-1" ><div id="pl-w6599715214b76"  class="panel-layout" ><div id="pg-w6599715214b76-0"  class="panel-grid panel-no-style" ><div id="pgc-w6599715214b76-0-0"  class="panel-grid-cell" ><div id="panel-w6599715214b76-0-0-0" class="so-panel widget widget_sow-image panel-first-child" data-index="0" ><div
			
			class="so-widget-sow-image so-widget-sow-image-default-ad27ff908450"
			
		>
<div class="sow-image-container">
		<img 
	src="https://gpv-aschheim.de/wp-content/uploads/2023/12/Margit.jpg" width="540" height="330" sizes="(max-width: 540px) 100vw, 540px" style="width: 540px; height: 330px;" alt="" 		class="so-widget-image"/>
	</div>

</div></div><div id="panel-w6599715214b76-0-0-1" class="so-panel widget widget_sow-editor panel-last-child" data-index="1" ><div
			
			class="so-widget-sow-editor so-widget-sow-editor-base"
			
		><h3 class="widget-title">Margit Felgner</h3>
<div class="siteorigin-widget-tinymce textwidget">
	<p style="text-align: center;"><em><strong>Komiteesprecherin</strong></em></p>
</div>
</div></div></div><div id="pgc-w6599715214b76-0-1"  class="panel-grid-cell" ><div id="panel-w6599715214b76-0-1-0" class="so-panel widget widget_sow-image panel-first-child" data-index="2" ><div
			
			class="so-widget-sow-image so-widget-sow-image-default-ad27ff908450"
			
		>
<div class="sow-image-container">
		<img 
	src="https://gpv-aschheim.de/wp-content/uploads/2024/01/Gruppenfoto_Komitee.jpg" width="540" height="330" sizes="(max-width: 540px) 100vw, 540px" style="width: 540px; height: 330px;" alt="" 		class="so-widget-image"/>
	</div>

</div></div><div id="panel-w6599715214b76-0-1-1" class="so-panel widget widget_sow-editor panel-last-child" data-index="3" ><div
			
			class="so-widget-sow-editor so-widget-sow-editor-base"
			
		><h3 class="widget-title">Unser Komitee</h3>
<div class="siteorigin-widget-tinymce textwidget">
	<p style="text-align: center;"><em><strong>Unsere aktiven Komiteemitglieder<br />
</strong></em></p>
</div>
</div></div></div></div></div></div></div></div></div></div><div id="pg-gb536-69f7367a3ede8-1"  class="panel-grid panel-no-style" ><div id="pgc-gb536-69f7367a3ede8-1-0"  class="panel-grid-cell" ><div id="panel-gb536-69f7367a3ede8-1-0-0" class="so-panel widget widget_text panel-first-child panel-last-child" data-index="2" >			<div class="textwidget"><p><em>„Words are not enough to describe the hospitality that we received in this trip to Aschheim. We came to find friends and we found a „big warm family“!“</em></p>
<p>Das hat der Basketballverein „Panionios Lerou BC“ im Januar 2020 in unser Gästebuch geschrieben.</p>
<p>Wir freuen uns über jeden, der die weite Reise von Leros nach Aschheim auf sich nimmt und jeden, der unsere schöne Partner-Insel Leros besuchen möchte.</p>
<p>Wir freuen uns, Freunde wiederzutreffen und neue Leute kennenzulernen.</p>
<p>Und wir freuen uns immer über neue Komitee-Mitglieder! Das Leros-Komitee besteht aus ca. 63 Personen und Familien, von denen sich 25-30 aktiv an der Partnerschaft beteiligen. Auf Leros gibt es kein entsprechendes „Aschheim-Komitee“, darum ist es für uns besonders wichtig, immer den Kontakt zu unseren Bekannten auf Leros und den Vereinen und Organisationen vor Ort zu halten. Eine große Hilfe hierbei ist der Kultur- und Heimatverein „Artemis“ mit seinem Vorsitzenden Antonis Ntallaris.</p>
<p>Seit ein paar Jahren hat sich unsere Spenden-Aktion am Aschheimer Marktplatz (Verkauf griechischer Produkte an ein paar Markttagen) zugunsten bedürftiger Personen/Familien oder gemeinnütziger Organisationen auf Leros etabliert.</p>
<p>Wer uns gerne näher kennenlernen möchte, kann sich gerne an die Komiteesprecherin Margit Felgner (mobil 0176 55532370, felgner.leros.commitee(at)gmail.com) wenden.</p>
</div>
		</div></div></div></div>

<p>„Words are not enough to describe the hospitality that we received in this trip to Aschheim. We came to find friends and we found a „big warm family“!“ Das hat der Basketballverein „Panionios Lerou BC“ im Januar 2020 in unser Gästebuch geschrieben. Wir freuen uns über jeden, der die weite Reise von Leros nach Aschheim [&hellip;]</p>
