{"id":538,"date":"2023-05-27T11:18:16","date_gmt":"2023-05-27T11:18:16","guid":{"rendered":"https:\/\/gpv-aschheim.de\/?page_id=538"},"modified":"2024-05-06T09:08:02","modified_gmt":"2024-05-06T09:08:02","slug":"komitee-liegau-ausgustusbad","status":"publish","type":"page","link":"https:\/\/gpv-aschheim.de\/?page_id=538","title":{"rendered":"Komitee Liegau-Augustusbad"},"content":{"rendered":"<div id=\"pl-gb538-69f73663f09aa\"  class=\"panel-layout wp-block-siteorigin-panels-layout-block\" ><div id=\"pg-gb538-69f73663f09aa-0\"  class=\"panel-grid panel-has-style\" ><div class=\"siteorigin-panels-stretch panel-row-style panel-row-style-for-gb538-69f73663f09aa-0\" data-stretch-type=\"full\" ><div id=\"pgc-gb538-69f73663f09aa-0-0\"  class=\"panel-grid-cell\" ><div id=\"panel-gb538-69f73663f09aa-0-0-0\" class=\"so-panel widget widget_sow-headline panel-first-child\" data-index=\"0\" ><div class=\"headline-komitee panel-widget-style panel-widget-style-for-gb538-69f73663f09aa-0-0-0\" id=\"headline-komitee\" ><div\n\t\t\t\n\t\t\tclass=\"so-widget-sow-headline so-widget-sow-headline-default-0969f05ee857-538\"\n\t\t\t\n\t\t><div class=\"sow-headline-container \">\n\t\t\t\t\t\t\t<h2 class=\"sow-headline\">\n\t\t\t\t\t\tUNSER KOMITEE\t\t\t\t\t\t<\/h2>\n\t\t\t\t\t\t\t\t\t\t\t<div class=\"decoration\">\n\t\t\t\t\t\t<div class=\"decoration-inside\"><\/div>\n\t\t\t\t\t<\/div>\n\t\t\t\t\t<\/div>\n<\/div><\/div><\/div><div id=\"panel-gb538-69f73663f09aa-0-0-1\" class=\"so-panel widget widget_siteorigin-panels-builder panel-last-child\" data-index=\"1\" ><div class=\"panel-widget-style panel-widget-style-for-gb538-69f73663f09aa-0-0-1\" ><div id=\"pl-w66389def3e3f1\"  class=\"panel-layout wp-block-siteorigin-panels-layout-block\" ><div id=\"pg-w66389def3e3f1-0\"  class=\"panel-grid panel-no-style\" ><div id=\"pgc-w66389def3e3f1-0-0\"  class=\"panel-grid-cell\" ><div id=\"panel-w66389def3e3f1-0-0-0\" class=\"so-panel widget widget_sow-image panel-first-child\" data-index=\"0\" ><div\n\t\t\t\n\t\t\tclass=\"so-widget-sow-image so-widget-sow-image-default-ad27ff908450\"\n\t\t\t\n\t\t>\n<div class=\"sow-image-container\">\n\t\t<img \n\tsrc=\"https:\/\/gpv-aschheim.de\/wp-content\/uploads\/2023\/12\/Portrait_Alex3-650x800.jpg\" width=\"268\" height=\"330\" srcset=\"https:\/\/gpv-aschheim.de\/wp-content\/uploads\/2023\/12\/Portrait_Alex3-650x800.jpg 650w, https:\/\/gpv-aschheim.de\/wp-content\/uploads\/2023\/12\/Portrait_Alex3.jpg 768w\" sizes=\"(max-width: 268px) 100vw, 268px\" style=\"width: 268px; height: 330px;\" alt=\"\" \t\tclass=\"so-widget-image\"\/>\n\t<\/div>\n\n<\/div><\/div><div id=\"panel-w66389def3e3f1-0-0-1\" class=\"so-panel widget widget_sow-editor panel-last-child\" data-index=\"1\" ><div\n\t\t\t\n\t\t\tclass=\"so-widget-sow-editor so-widget-sow-editor-base\"\n\t\t\t\n\t\t><h3 class=\"widget-title\">Alex W\u00e4spy<\/h3>\n<div class=\"siteorigin-widget-tinymce textwidget\">\n\t<p style=\"text-align: center;\"><em><strong>Komiteesprecher<\/strong><\/em><\/p>\n<\/div>\n<\/div><\/div><\/div><div id=\"pgc-w66389def3e3f1-0-1\"  class=\"panel-grid-cell\" ><div id=\"panel-w66389def3e3f1-0-1-0\" class=\"so-panel widget widget_sow-image panel-first-child\" data-index=\"2\" ><div\n\t\t\t\n\t\t\tclass=\"so-widget-sow-image so-widget-sow-image-default-ad27ff908450\"\n\t\t\t\n\t\t>\n<div class=\"sow-image-container\">\n\t\t<img \n\tsrc=\"https:\/\/gpv-aschheim.de\/wp-content\/uploads\/2024\/05\/einige-Komiteemitglieder-1-scaled.jpg\" width=\"430\" height=\"330\" srcset=\"https:\/\/gpv-aschheim.de\/wp-content\/uploads\/2024\/05\/einige-Komiteemitglieder-1-scaled.jpg 2560w, https:\/\/gpv-aschheim.de\/wp-content\/uploads\/2024\/05\/einige-Komiteemitglieder-1-800x535.jpg 800w, https:\/\/gpv-aschheim.de\/wp-content\/uploads\/2024\/05\/einige-Komiteemitglieder-1-1920x1284.jpg 1920w, https:\/\/gpv-aschheim.de\/wp-content\/uploads\/2024\/05\/einige-Komiteemitglieder-1-768x513.jpg 768w, https:\/\/gpv-aschheim.de\/wp-content\/uploads\/2024\/05\/einige-Komiteemitglieder-1-1536x1027.jpg 1536w, https:\/\/gpv-aschheim.de\/wp-content\/uploads\/2024\/05\/einige-Komiteemitglieder-1-2048x1369.jpg 2048w, https:\/\/gpv-aschheim.de\/wp-content\/uploads\/2024\/05\/einige-Komiteemitglieder-1-272x182.jpg 272w, https:\/\/gpv-aschheim.de\/wp-content\/uploads\/2024\/05\/einige-Komiteemitglieder-1-720x480.jpg 720w\" sizes=\"(max-width: 430px) 100vw, 430px\" style=\"width: 430px; height: 330px;\" title=\"einige Komiteemitglieder 1\" alt=\"\" \t\tclass=\"so-widget-image\"\/>\n\t<\/div>\n\n<\/div><\/div><div id=\"panel-w66389def3e3f1-0-1-1\" class=\"so-panel widget widget_sow-editor panel-last-child\" data-index=\"3\" ><div\n\t\t\t\n\t\t\tclass=\"so-widget-sow-editor so-widget-sow-editor-base\"\n\t\t\t\n\t\t><h3 class=\"widget-title\">Unser Komitee<\/h3>\n<div class=\"siteorigin-widget-tinymce textwidget\">\n\t<p style=\"text-align: center;\"><em><strong>Einige aktive Komiteemitglieder<\/strong><\/em><\/p>\n<\/div>\n<\/div><\/div><\/div><\/div><\/div><\/div><\/div><\/div><\/div><\/div><div id=\"pg-gb538-69f73663f09aa-1\"  class=\"panel-grid panel-no-style\" ><div id=\"pgc-gb538-69f73663f09aa-1-0\"  class=\"panel-grid-cell\" ><div id=\"panel-gb538-69f73663f09aa-1-0-0\" class=\"so-panel widget widget_text panel-first-child panel-last-child\" data-index=\"2\" >\t\t\t<div class=\"textwidget\"><p><img loading=\"lazy\" decoding=\"async\" class=\"alignnone wp-image-990\" src=\"https:\/\/gpv-aschheim.de\/wp-content\/uploads\/2023\/12\/Ortsschild3-800x705.jpg\" alt=\"\" width=\"252\" height=\"222\" srcset=\"https:\/\/gpv-aschheim.de\/wp-content\/uploads\/2023\/12\/Ortsschild3-800x705.jpg 800w, https:\/\/gpv-aschheim.de\/wp-content\/uploads\/2023\/12\/Ortsschild3-768x677.jpg 768w, https:\/\/gpv-aschheim.de\/wp-content\/uploads\/2023\/12\/Ortsschild3.jpg 865w\" sizes=\"auto, (max-width: 252px) 100vw, 252px\" \/><\/p>\n<p>In Liegau-Augustusbad\/Radeberg gibt es kein gleichartiges Partnerschaftskomitee.<\/p>\n<p>Die Verbindung dorthin findet \u00fcber den jeweils aktuellen Ortsvorsteher und die Vereine statt.<\/p>\n<p>Jedes Jahr besuchen wir uns gegenseitig. Erg\u00e4nzend dazu findet ein reger Austausch zwischen den Vereinen, insbesondere der Feuerwehren, der Fu\u00dfballvereine, der Blasmusik und des Burschenvereins statt.<\/p>\n<p>Unser Komitee trifft sich je nach Bedarf mehrmals im Jahr, um Reisen nach Liegau-Augustusbad\/Dresden zu planen und Besuche von dort zu organisieren.<\/p>\n<p>Wir sind das an Mitgliedern zahlenm\u00e4\u00dfig kleinste Komitee des GPV.<\/p>\n<p>Wir freuen uns \u00fcber jeden, der zu uns kommt und uns unterst\u00fctzt!<\/p>\n<p>Wer uns gerne n\u00e4her kennenlernen m\u00f6chte, kann sich gerne an den Komiteesprecher Alexander W\u00e4spy wenden:<\/p>\n<p>mobil +49 151 10 98 72 38 \/ waespy(@)t-online.de<\/p>\n<\/div>\n\t\t<\/div><\/div><\/div><\/div>","protected":false},"excerpt":{"rendered":"<p>In Liegau-Augustusbad\/Radeberg gibt es kein gleichartiges Partnerschaftskomitee. Die Verbindung dorthin findet \u00fcber den jeweils aktuellen Ortsvorsteher und die Vereine statt. Jedes Jahr besuchen wir uns gegenseitig. Erg\u00e4nzend dazu findet ein reger Austausch zwischen den Vereinen, insbesondere der Feuerwehren, der Fu\u00dfballvereine, der Blasmusik und des Burschenvereins statt. Unser Komitee trifft sich je nach Bedarf mehrmals im [&hellip;]<\/p>\n","protected":false},"author":1,"featured_media":990,"parent":39,"menu_order":5,"comment_status":"closed","ping_status":"closed","template":"","meta":{"footnotes":""},"class_list":["post-538","page","type-page","status-publish","has-post-thumbnail","hentry","post","post-with-thumbnail","post-with-thumbnail-none"],"_links":{"self":[{"href":"https:\/\/gpv-aschheim.de\/index.php?rest_route=\/wp\/v2\/pages\/538","targetHints":{"allow":["GET"]}}],"collection":[{"href":"https:\/\/gpv-aschheim.de\/index.php?rest_route=\/wp\/v2\/pages"}],"about":[{"href":"https:\/\/gpv-aschheim.de\/index.php?rest_route=\/wp\/v2\/types\/page"}],"author":[{"embeddable":true,"href":"https:\/\/gpv-aschheim.de\/index.php?rest_route=\/wp\/v2\/users\/1"}],"replies":[{"embeddable":true,"href":"https:\/\/gpv-aschheim.de\/index.php?rest_route=%2Fwp%2Fv2%2Fcomments&post=538"}],"version-history":[{"count":16,"href":"https:\/\/gpv-aschheim.de\/index.php?rest_route=\/wp\/v2\/pages\/538\/revisions"}],"predecessor-version":[{"id":1200,"href":"https:\/\/gpv-aschheim.de\/index.php?rest_route=\/wp\/v2\/pages\/538\/revisions\/1200"}],"up":[{"embeddable":true,"href":"https:\/\/gpv-aschheim.de\/index.php?rest_route=\/wp\/v2\/pages\/39"}],"wp:featuredmedia":[{"embeddable":true,"href":"https:\/\/gpv-aschheim.de\/index.php?rest_route=\/wp\/v2\/media\/990"}],"wp:attachment":[{"href":"https:\/\/gpv-aschheim.de\/index.php?rest_route=%2Fwp%2Fv2%2Fmedia&parent=538"}],"curies":[{"name":"wp","href":"https:\/\/api.w.org\/{rel}","templated":true}]}}

<div id="pl-gb538-69f73663f09aa"  class="panel-layout wp-block-siteorigin-panels-layout-block" ><div id="pg-gb538-69f73663f09aa-0"  class="panel-grid panel-has-style" ><div class="siteorigin-panels-stretch panel-row-style panel-row-style-for-gb538-69f73663f09aa-0" data-stretch-type="full" ><div id="pgc-gb538-69f73663f09aa-0-0"  class="panel-grid-cell" ><div id="panel-gb538-69f73663f09aa-0-0-0" class="so-panel widget widget_sow-headline panel-first-child" data-index="0" ><div class="headline-komitee panel-widget-style panel-widget-style-for-gb538-69f73663f09aa-0-0-0" id="headline-komitee" ><div
			
			class="so-widget-sow-headline so-widget-sow-headline-default-0969f05ee857-538"
			
		><div class="sow-headline-container ">
							<h2 class="sow-headline">
						UNSER KOMITEE						</h2>
											<div class="decoration">
						<div class="decoration-inside"></div>
					</div>
					</div>
</div></div></div><div id="panel-gb538-69f73663f09aa-0-0-1" class="so-panel widget widget_siteorigin-panels-builder panel-last-child" data-index="1" ><div class="panel-widget-style panel-widget-style-for-gb538-69f73663f09aa-0-0-1" ><div id="pl-w66389def3e3f1"  class="panel-layout wp-block-siteorigin-panels-layout-block" ><div id="pg-w66389def3e3f1-0"  class="panel-grid panel-no-style" ><div id="pgc-w66389def3e3f1-0-0"  class="panel-grid-cell" ><div id="panel-w66389def3e3f1-0-0-0" class="so-panel widget widget_sow-image panel-first-child" data-index="0" ><div
			
			class="so-widget-sow-image so-widget-sow-image-default-ad27ff908450"
			
		>
<div class="sow-image-container">
		<img 
	src="https://gpv-aschheim.de/wp-content/uploads/2023/12/Portrait_Alex3-650x800.jpg" width="268" height="330" srcset="https://gpv-aschheim.de/wp-content/uploads/2023/12/Portrait_Alex3-650x800.jpg 650w, https://gpv-aschheim.de/wp-content/uploads/2023/12/Portrait_Alex3.jpg 768w" sizes="(max-width: 268px) 100vw, 268px" style="width: 268px; height: 330px;" alt="" 		class="so-widget-image"/>
	</div>

</div></div><div id="panel-w66389def3e3f1-0-0-1" class="so-panel widget widget_sow-editor panel-last-child" data-index="1" ><div
			
			class="so-widget-sow-editor so-widget-sow-editor-base"
			
		><h3 class="widget-title">Alex Wäspy</h3>
<div class="siteorigin-widget-tinymce textwidget">
	<p style="text-align: center;"><em><strong>Komiteesprecher</strong></em></p>
</div>
</div></div></div><div id="pgc-w66389def3e3f1-0-1"  class="panel-grid-cell" ><div id="panel-w66389def3e3f1-0-1-0" class="so-panel widget widget_sow-image panel-first-child" data-index="2" ><div
			
			class="so-widget-sow-image so-widget-sow-image-default-ad27ff908450"
			
		>
<div class="sow-image-container">
		<img 
	src="https://gpv-aschheim.de/wp-content/uploads/2024/05/einige-Komiteemitglieder-1-scaled.jpg" width="430" height="330" srcset="https://gpv-aschheim.de/wp-content/uploads/2024/05/einige-Komiteemitglieder-1-scaled.jpg 2560w, https://gpv-aschheim.de/wp-content/uploads/2024/05/einige-Komiteemitglieder-1-800x535.jpg 800w, https://gpv-aschheim.de/wp-content/uploads/2024/05/einige-Komiteemitglieder-1-1920x1284.jpg 1920w, https://gpv-aschheim.de/wp-content/uploads/2024/05/einige-Komiteemitglieder-1-768x513.jpg 768w, https://gpv-aschheim.de/wp-content/uploads/2024/05/einige-Komiteemitglieder-1-1536x1027.jpg 1536w, https://gpv-aschheim.de/wp-content/uploads/2024/05/einige-Komiteemitglieder-1-2048x1369.jpg 2048w, https://gpv-aschheim.de/wp-content/uploads/2024/05/einige-Komiteemitglieder-1-272x182.jpg 272w, https://gpv-aschheim.de/wp-content/uploads/2024/05/einige-Komiteemitglieder-1-720x480.jpg 720w" sizes="(max-width: 430px) 100vw, 430px" style="width: 430px; height: 330px;" title="einige Komiteemitglieder 1" alt="" 		class="so-widget-image"/>
	</div>

</div></div><div id="panel-w66389def3e3f1-0-1-1" class="so-panel widget widget_sow-editor panel-last-child" data-index="3" ><div
			
			class="so-widget-sow-editor so-widget-sow-editor-base"
			
		><h3 class="widget-title">Unser Komitee</h3>
<div class="siteorigin-widget-tinymce textwidget">
	<p style="text-align: center;"><em><strong>Einige aktive Komiteemitglieder</strong></em></p>
</div>
</div></div></div></div></div></div></div></div></div></div><div id="pg-gb538-69f73663f09aa-1"  class="panel-grid panel-no-style" ><div id="pgc-gb538-69f73663f09aa-1-0"  class="panel-grid-cell" ><div id="panel-gb538-69f73663f09aa-1-0-0" class="so-panel widget widget_text panel-first-child panel-last-child" data-index="2" >			<div class="textwidget"><p><img loading="lazy" decoding="async" class="alignnone wp-image-990" src="https://gpv-aschheim.de/wp-content/uploads/2023/12/Ortsschild3-800x705.jpg" alt="" width="252" height="222" srcset="https://gpv-aschheim.de/wp-content/uploads/2023/12/Ortsschild3-800x705.jpg 800w, https://gpv-aschheim.de/wp-content/uploads/2023/12/Ortsschild3-768x677.jpg 768w, https://gpv-aschheim.de/wp-content/uploads/2023/12/Ortsschild3.jpg 865w" sizes="auto, (max-width: 252px) 100vw, 252px" /></p>
<p>In Liegau-Augustusbad/Radeberg gibt es kein gleichartiges Partnerschaftskomitee.</p>
<p>Die Verbindung dorthin findet über den jeweils aktuellen Ortsvorsteher und die Vereine statt.</p>
<p>Jedes Jahr besuchen wir uns gegenseitig. Ergänzend dazu findet ein reger Austausch zwischen den Vereinen, insbesondere der Feuerwehren, der Fußballvereine, der Blasmusik und des Burschenvereins statt.</p>
<p>Unser Komitee trifft sich je nach Bedarf mehrmals im Jahr, um Reisen nach Liegau-Augustusbad/Dresden zu planen und Besuche von dort zu organisieren.</p>
<p>Wir sind das an Mitgliedern zahlenmäßig kleinste Komitee des GPV.</p>
<p>Wir freuen uns über jeden, der zu uns kommt und uns unterstützt!</p>
<p>Wer uns gerne näher kennenlernen möchte, kann sich gerne an den Komiteesprecher Alexander Wäspy wenden:</p>
<p>mobil +49 151 10 98 72 38 / waespy(@)t-online.de</p>
</div>
		</div></div></div></div>

<p>In Liegau-Augustusbad/Radeberg gibt es kein gleichartiges Partnerschaftskomitee. Die Verbindung dorthin findet über den jeweils aktuellen Ortsvorsteher und die Vereine statt. Jedes Jahr besuchen wir uns gegenseitig. Ergänzend dazu findet ein reger Austausch zwischen den Vereinen, insbesondere der Feuerwehren, der Fußballvereine, der Blasmusik und des Burschenvereins statt. Unser Komitee trifft sich je nach Bedarf mehrmals im [&hellip;]</p>
