{"id":540,"date":"2023-05-27T11:18:47","date_gmt":"2023-05-27T11:18:47","guid":{"rendered":"https:\/\/gpv-aschheim.de\/?page_id=540"},"modified":"2023-12-31T10:19:45","modified_gmt":"2023-12-31T10:19:45","slug":"komitee-jedovnice","status":"publish","type":"page","link":"https:\/\/gpv-aschheim.de\/?page_id=540","title":{"rendered":"Komitee Jedovnice"},"content":{"rendered":"<div id=\"pl-gb540-69f9a69b1d05c\"  class=\"panel-layout\" ><div id=\"pg-gb540-69f9a69b1d05c-0\"  class=\"panel-grid panel-no-style\" ><div id=\"pgc-gb540-69f9a69b1d05c-0-0\"  class=\"panel-grid-cell\" ><div id=\"panel-gb540-69f9a69b1d05c-0-0-0\" class=\"so-panel widget widget_sow-headline panel-first-child\" data-index=\"0\" ><div class=\"headline-komitee panel-widget-style panel-widget-style-for-gb540-69f9a69b1d05c-0-0-0\" id=\"headline-komitee\" ><div\n\t\t\t\n\t\t\tclass=\"so-widget-sow-headline so-widget-sow-headline-default-230a54f61344-540\"\n\t\t\t\n\t\t><div class=\"sow-headline-container \">\n\t\t\t\t\t\t\t<h2 class=\"sow-headline\">\n\t\t\t\t\t\tUNSER KOMITEE\t\t\t\t\t\t<\/h2>\n\t\t\t\t\t\t\t\t\t\t\t<div class=\"decoration\">\n\t\t\t\t\t\t<div class=\"decoration-inside\"><\/div>\n\t\t\t\t\t<\/div>\n\t\t\t\t\t\t\t\t\t\t\t<h3 class=\"sow-sub-headline\">\n\t\t\t\t\t\tAktuell besteht unser Komitee aus ca. 20 Personen und wir treffen uns 3 bis 4 Mal im Jahr um unsere Aktivit\u00e4ten zu besprechen\t\t\t\t\t\t<\/h3>\n\t\t\t\t\t\t<\/div>\n<\/div><\/div><\/div><div id=\"panel-gb540-69f9a69b1d05c-0-0-1\" class=\"so-panel widget widget_siteorigin-panels-builder panel-last-child\" data-index=\"1\" ><div class=\"panel-widget-style panel-widget-style-for-gb540-69f9a69b1d05c-0-0-1\" ><div id=\"pl-w6591403857805\"  class=\"panel-layout\" ><div id=\"pg-w6591403857805-0\"  class=\"panel-grid panel-no-style\" ><div id=\"pgc-w6591403857805-0-0\"  class=\"panel-grid-cell\" ><div id=\"panel-w6591403857805-0-0-0\" class=\"so-panel widget widget_sow-image panel-first-child\" data-index=\"0\" ><div\n\t\t\t\n\t\t\tclass=\"so-widget-sow-image so-widget-sow-image-default-ad27ff908450\"\n\t\t\t\n\t\t>\n<div class=\"sow-image-container\">\n\t\t<img \n\tsrc=\"https:\/\/gpv-aschheim.de\/wp-content\/uploads\/2023\/12\/Franz.jpg\" width=\"248\" height=\"330\" sizes=\"(max-width: 248px) 100vw, 248px\" style=\"width: 248px; height: 330px;\" alt=\"\" \t\tclass=\"so-widget-image\"\/>\n\t<\/div>\n\n<\/div><\/div><div id=\"panel-w6591403857805-0-0-1\" class=\"so-panel widget widget_sow-editor panel-last-child\" data-index=\"1\" ><div\n\t\t\t\n\t\t\tclass=\"so-widget-sow-editor so-widget-sow-editor-base\"\n\t\t\t\n\t\t><h3 class=\"widget-title\">Franz Lampersberger<\/h3>\n<div class=\"siteorigin-widget-tinymce textwidget\">\n\t<p style=\"text-align: center;\"><em><strong>Komiteesprecher<\/strong><\/em><\/p>\n<\/div>\n<\/div><\/div><\/div><div id=\"pgc-w6591403857805-0-1\"  class=\"panel-grid-cell\" ><div id=\"panel-w6591403857805-0-1-0\" class=\"so-panel widget widget_sow-image panel-first-child\" data-index=\"2\" ><div\n\t\t\t\n\t\t\tclass=\"so-widget-sow-image so-widget-sow-image-default-ad27ff908450\"\n\t\t\t\n\t\t>\n<div class=\"sow-image-container\">\n\t\t<img \n\tsrc=\"https:\/\/gpv-aschheim.de\/wp-content\/uploads\/2023\/12\/Gruppenbild_Komitee.jpg\" width=\"540\" height=\"330\" sizes=\"(max-width: 540px) 100vw, 540px\" style=\"width: 540px; height: 330px;\" alt=\"\" \t\tclass=\"so-widget-image\"\/>\n\t<\/div>\n\n<\/div><\/div><div id=\"panel-w6591403857805-0-1-1\" class=\"so-panel widget widget_sow-editor panel-last-child\" data-index=\"3\" ><div\n\t\t\t\n\t\t\tclass=\"so-widget-sow-editor so-widget-sow-editor-base\"\n\t\t\t\n\t\t><h3 class=\"widget-title\">Unser Komitee<\/h3>\n<div class=\"siteorigin-widget-tinymce textwidget\">\n\t<p style=\"text-align: center;\"><em><strong>Unsere aktiven Komiteemitglieder bei der Komiteefahrt 2023<br \/>\nIm Vordergrund die beiden Dolmetscherinnen aus Jedovnice<br \/>\n<\/strong><\/em><\/p>\n<\/div>\n<\/div><\/div><\/div><\/div><\/div><\/div><\/div><\/div><\/div><div id=\"pg-gb540-69f9a69b1d05c-1\"  class=\"panel-grid panel-no-style\" ><div id=\"pgc-gb540-69f9a69b1d05c-1-0\"  class=\"panel-grid-cell\" ><div id=\"panel-gb540-69f9a69b1d05c-1-0-0\" class=\"so-panel widget widget_text panel-first-child panel-last-child\" data-index=\"2\" >\t\t\t<div class=\"textwidget\"><p><em>Seit nunmehr fast 25 Jahren pflegen wir unsere Kontakte nach Jedovnice und Kotvrdovice. Viele private Freundschaften sind in dieser Zeit entstanden. Es finden j\u00e4hrliche Treffen der Komitees in Jedovnice \/ Kotrdocovice und Aschheim statt, bei denen wir uns gegenseitig unsere Kulturen und Gepflogenheiten nahe bringen. Viel Sch\u00f6nes haben wir bereits in der Gegend um Jedovnice entdecken k\u00f6nnen und auf der anderen Seite mit unseren Freunden viele Sehensw\u00fcrdigkeiten in Oberbayern besucht. Das war nicht nur f\u00fcr unsere G\u00e4ste spannend und interessant, auch wir haben auf diesen Ausfl\u00fcgen viel Neues in unserer Heimat entdecken k\u00f6nnen.<br \/>\nUnser Freundeskreis in Jedovnice und Kotvrdovice wird immer gr\u00f6\u00dfer, so dass wir mittlerweile auch immer \u00f6fter private Besuche bekommen. Hier sind wir der Gemeinde sehr dankbar, dass wir auch f\u00fcr diese Besuche das Partnerschaftshaus zur Verf\u00fcgung gestellt bekommen.<br \/>\nBesonders am Herzen liegt uns auch die Partnerschaft der Grund-und Mittelschule in Jedovnice mit der Keltengrundschule in Aschheim. Auch diese Partnerschaft besteht seit 1999 und im Laufe der Jahre sind gut 1.000 tschechische Kinder hier bei uns in Aschheim gewesen und waren gr\u00f6\u00dftenteils immer in privaten Gastfamilien untergebracht. Im Gegenzug waren ca. 500 Aschheimer Grundsch\u00fcler\/innen auf Besuch in Jedovnice. Auch diese Partnerschaft werden wir in Zusammenarbeit mit der Keltengrundschule, dem Elternbeirat und dem Komitee in den n\u00e4chsten Jahren fortf\u00fchren und so den Kindern und Jugendlichen die Gelegenheit geben andere Sitten und Kulturen kennenzulernen.<br \/>\n<\/em><\/p>\n<\/div>\n\t\t<\/div><\/div><\/div><\/div>","protected":false},"excerpt":{"rendered":"<p>Seit nunmehr fast 25 Jahren pflegen wir unsere Kontakte nach Jedovnice und Kotvrdovice. Viele private Freundschaften sind in dieser Zeit entstanden. Es finden j\u00e4hrliche Treffen der Komitees in Jedovnice \/ Kotrdocovice und Aschheim statt, bei denen wir uns gegenseitig unsere Kulturen und Gepflogenheiten nahe bringen. Viel Sch\u00f6nes haben wir bereits in der Gegend um Jedovnice [&hellip;]<\/p>\n","protected":false},"author":1,"featured_media":0,"parent":43,"menu_order":5,"comment_status":"closed","ping_status":"closed","template":"","meta":{"footnotes":""},"class_list":["post-540","page","type-page","status-publish","hentry","post"],"_links":{"self":[{"href":"https:\/\/gpv-aschheim.de\/index.php?rest_route=\/wp\/v2\/pages\/540","targetHints":{"allow":["GET"]}}],"collection":[{"href":"https:\/\/gpv-aschheim.de\/index.php?rest_route=\/wp\/v2\/pages"}],"about":[{"href":"https:\/\/gpv-aschheim.de\/index.php?rest_route=\/wp\/v2\/types\/page"}],"author":[{"embeddable":true,"href":"https:\/\/gpv-aschheim.de\/index.php?rest_route=\/wp\/v2\/users\/1"}],"replies":[{"embeddable":true,"href":"https:\/\/gpv-aschheim.de\/index.php?rest_route=%2Fwp%2Fv2%2Fcomments&post=540"}],"version-history":[{"count":9,"href":"https:\/\/gpv-aschheim.de\/index.php?rest_route=\/wp\/v2\/pages\/540\/revisions"}],"predecessor-version":[{"id":1059,"href":"https:\/\/gpv-aschheim.de\/index.php?rest_route=\/wp\/v2\/pages\/540\/revisions\/1059"}],"up":[{"embeddable":true,"href":"https:\/\/gpv-aschheim.de\/index.php?rest_route=\/wp\/v2\/pages\/43"}],"wp:attachment":[{"href":"https:\/\/gpv-aschheim.de\/index.php?rest_route=%2Fwp%2Fv2%2Fmedia&parent=540"}],"curies":[{"name":"wp","href":"https:\/\/api.w.org\/{rel}","templated":true}]}}