{"id":553,"date":"2023-05-27T11:25:34","date_gmt":"2023-05-27T11:25:34","guid":{"rendered":"https:\/\/gpv-aschheim.de\/?page_id=553"},"modified":"2023-10-01T10:28:47","modified_gmt":"2023-10-01T10:28:47","slug":"veranstaltungen-jedovnice","status":"publish","type":"page","link":"https:\/\/gpv-aschheim.de\/?page_id=553","title":{"rendered":"Aktivit\u00e4ten Jedovnice"},"content":{"rendered":"<div id=\"pl-gb553-69f7369c04b93\"  class=\"panel-layout\" ><div id=\"pg-gb553-69f7369c04b93-0\"  class=\"panel-grid panel-no-style\" ><div id=\"pgc-gb553-69f7369c04b93-0-0\"  class=\"panel-grid-cell\" ><div id=\"panel-gb553-69f7369c04b93-0-0-0\" class=\"so-panel widget widget_sow-headline panel-first-child panel-last-child\" data-index=\"0\" ><div class=\"headline-gallery panel-widget-style panel-widget-style-for-gb553-69f7369c04b93-0-0-0\" ><div\n\t\t\t\n\t\t\tclass=\"so-widget-sow-headline so-widget-sow-headline-default-d6db24c2db75-553\"\n\t\t\t\n\t\t><div class=\"sow-headline-container \">\n\t\t\t\t\t\t\t<h2 class=\"sow-headline\">\n\t\t\t\t\t\tUnsere sch\u00f6nsten Erinnerungen\t\t\t\t\t\t<\/h2>\n\t\t\t\t\t\t\t\t\t\t\t<div class=\"decoration\">\n\t\t\t\t\t\t<div class=\"decoration-inside\"><\/div>\n\t\t\t\t\t<\/div>\n\t\t\t\t\t\t\t\t\t\t\t<h3 class=\"sow-sub-headline\">\n\t\t\t\t\t\tUnsere Partnerschaften leben von den gegenseitigen Besuchen, lesen Sie hier von unseren gemeinsamen Aktivit\u00e4ten\t\t\t\t\t\t<\/h3>\n\t\t\t\t\t\t<\/div>\n<\/div><\/div><\/div><\/div><\/div><div id=\"pg-gb553-69f7369c04b93-1\"  class=\"panel-grid panel-no-style\" ><div id=\"pgc-gb553-69f7369c04b93-1-0\"  class=\"panel-grid-cell\" ><div id=\"panel-gb553-69f7369c04b93-1-0-0\" class=\"so-panel widget widget_sow-blog panel-first-child panel-last-child\" data-index=\"1\" ><div\n\t\t\t\n\t\t\tclass=\"so-widget-sow-blog so-widget-sow-blog-grid-bad24c91a795-553\"\n\t\t\t\n\t\t>\t\t<div\n\t\tclass=\"sow-blog sow-blog-layout-grid\"\n\t\tdata-template=\"grid\"\n\t\tdata-settings=\"{&quot;columns&quot;:3,&quot;featured_image&quot;:true,&quot;featured_image_empty&quot;:true,&quot;featured_image_size&quot;:&quot;sow-blog-grid&quot;,&quot;featured_image_size_width&quot;:&quot;&quot;,&quot;featured_image_size_height&quot;:&quot;&quot;,&quot;tag&quot;:&quot;h2&quot;,&quot;content&quot;:&quot;excerpt&quot;,&quot;read_more&quot;:true,&quot;excerpt_length&quot;:55,&quot;date&quot;:true,&quot;filter_categories&quot;:false,&quot;so_field_container_state&quot;:&quot;open&quot;,&quot;author&quot;:false,&quot;categories&quot;:false,&quot;tags&quot;:false,&quot;comment_count&quot;:false,&quot;trim_manual_excerpt&quot;:&quot;&quot;,&quot;template&quot;:&quot;grid&quot;}\"\n\t\tdata-paged=\"1\"\n\t\tdata-paging-id=\"bad24c91a795\"\n\t\tdata-total-pages=\"1\"\n\t\tdata-hash=\"2aa2eb2b\"\n\t>\n\t\t\n\t\t\t\t\t\t\t<div class=\"sow-blog-posts\">\n\t\t\t\t<article id=\"post-1060\" class=\"post-1060 post type-post status-publish format-standard has-post-thumbnail hentry category-featured category-jedovnice-kotvrdovice post-with-thumbnail post-with-thumbnail-none\" style=\"margin: 0 0 30px;\">\n\t\t\t\t\t<div class=\"sow-entry-thumbnail\">\n\t\t\t\t\t\t\t\t\t\t<a href=\"https:\/\/gpv-aschheim.de\/?p=1060\">\n\t\t\t\t\t\t<img loading=\"lazy\" decoding=\"async\" width=\"720\" height=\"440\" src=\"https:\/\/gpv-aschheim.de\/wp-content\/uploads\/2023\/12\/Gruppenbild1.jpg\" class=\"attachment-sow-blog-grid size-sow-blog-grid wp-post-image\" alt=\"\" \/>\t\t\t\t\t<\/a>\n\t\t\t\t<\/div>\n\t\t\t\t\t\t\t<div class=\"sow-blog-content-wrapper\"\n\t\t style=\"padding: 25px 30px 33px;\">\n\t\t\t\t<header class=\"sow-entry-header\">\n\t\t\t<h2 class=\"sow-entry-title\" style=\"margin: 0 0 5px;\"><a href=\"https:\/\/gpv-aschheim.de\/?p=1060\" rel=\"bookmark\">Komiteereise nach Jedovnice und Kotvrdovice im Oktober 2023<\/a><\/h2>\t\t\t<div class=\"sow-entry-meta\">\n\t\t\t\t\t\t\t<span class=\"sow-entry-date\">\n\t\t\t\t<a href=\"https:\/\/gpv-aschheim.de\/?p=1060\" rel=\"bookmark\">\n\t\t\t\t\t<time class=\"published\" datetime=\"2023-12-31T10:26:30+00:00\">\n\t\t\t\t\t\tDezember 31, 2023\t\t\t\t\t<\/time>\n\t\t\t\t\t<time class=\"updated\" datetime=\"2024-01-06T15:14:13+00:00\">\n\t\t\t\t\t\tJanuar 6, 2024\t\t\t\t\t<\/time>\n\t\t\t\t<\/a>\n\t\t\t<\/span>\n\t\t\n\t\t\n\t\t\n\t\t\t\t\t<\/div>\n\t\t<\/header>\n\n\t\t\t\t\t<div\n\t\t\t\tclass=\"sow-entry-content\"\n\t\t\t\tstyle=\"margin-top: 20px;\"\n\t\t\t>\n\t\t\t\t<p>Oktober 2023\u2192 Vom 26.10. \u2013 29.10.2023 fand unsere j\u00e4hrliche Komiteereise nach Jedovnice und Kotvrdovice statt.<\/p>\t\t\t<\/div>\n\t\t\t\t<\/div>\n<\/article>\n<article id=\"post-869\" class=\"post-869 post type-post status-publish format-standard has-post-thumbnail hentry category-jedovnice-kotvrdovice post-with-thumbnail post-with-thumbnail-none\" style=\"margin: 0 0 30px;\">\n\t\t\t\t\t<div class=\"sow-entry-thumbnail\">\n\t\t\t\t\t\t\t\t\t\t<a href=\"https:\/\/gpv-aschheim.de\/?p=869\">\n\t\t\t\t\t\t<img loading=\"lazy\" decoding=\"async\" width=\"720\" height=\"440\" src=\"https:\/\/gpv-aschheim.de\/wp-content\/uploads\/2023\/10\/Oktoberfest.jpg\" class=\"attachment-sow-blog-grid size-sow-blog-grid wp-post-image\" alt=\"\" \/>\t\t\t\t\t<\/a>\n\t\t\t\t<\/div>\n\t\t\t\t\t\t\t<div class=\"sow-blog-content-wrapper\"\n\t\t style=\"padding: 25px 30px 33px;\">\n\t\t\t\t<header class=\"sow-entry-header\">\n\t\t\t<h2 class=\"sow-entry-title\" style=\"margin: 0 0 5px;\"><a href=\"https:\/\/gpv-aschheim.de\/?p=869\" rel=\"bookmark\">Besuch zum Oktoberfest von alten Freunden<\/a><\/h2>\t\t\t<div class=\"sow-entry-meta\">\n\t\t\t\t\t\t\t<span class=\"sow-entry-date\">\n\t\t\t\t<a href=\"https:\/\/gpv-aschheim.de\/?p=869\" rel=\"bookmark\">\n\t\t\t\t\t<time class=\"published\" datetime=\"2023-10-01T08:51:15+00:00\">\n\t\t\t\t\t\tOktober 1, 2023\t\t\t\t\t<\/time>\n\t\t\t\t\t<time class=\"updated\" datetime=\"2023-10-01T10:18:47+00:00\">\n\t\t\t\t\t\tOktober 1, 2023\t\t\t\t\t<\/time>\n\t\t\t\t<\/a>\n\t\t\t<\/span>\n\t\t\n\t\t\n\t\t\n\t\t\t\t\t<\/div>\n\t\t<\/header>\n\n\t\t\t\t\t<div\n\t\t\t\tclass=\"sow-entry-content\"\n\t\t\t\tstyle=\"margin-top: 20px;\"\n\t\t\t>\n\t\t\t\t<p>22. &#8211; 25.09.2023 \u2192 Zum mittleren Wiesnwochenende bekamen wir Besuch von langj\u00e4hrigen Freunden. Unter den G\u00e4sten war der ehemalige B\u00fcrgermeister Jind\u0159ich Kocour mit Frau aus Kotvrdovice, aus Jedovnice kam der ehemalige Komissionsprecher &nbsp;Ale\u0161 Kleinbauer mit seiner Frau Renata. 6 weitere Freunde vervollst\u00e4ndigten die Gruppe.<\/p>\t\t\t<\/div>\n\t\t\t\t<\/div>\n<\/article>\n<article id=\"post-710\" class=\"post-710 post type-post status-publish format-standard has-post-thumbnail hentry category-featured category-jedovnice-kotvrdovice post-with-thumbnail post-with-thumbnail-none\" style=\"margin: 0 0 30px;\">\n\t\t\t\t\t<div class=\"sow-entry-thumbnail\">\n\t\t\t\t\t\t\t\t\t\t<a href=\"https:\/\/gpv-aschheim.de\/?p=710\">\n\t\t\t\t\t\t<img loading=\"lazy\" decoding=\"async\" width=\"720\" height=\"440\" src=\"https:\/\/gpv-aschheim.de\/wp-content\/uploads\/2023\/08\/bild1-720x440-1.jpg\" class=\"attachment-sow-blog-grid size-sow-blog-grid wp-post-image\" alt=\"\" \/>\t\t\t\t\t<\/a>\n\t\t\t\t<\/div>\n\t\t\t\t\t\t\t<div class=\"sow-blog-content-wrapper\"\n\t\t style=\"padding: 25px 30px 33px;\">\n\t\t\t\t<header class=\"sow-entry-header\">\n\t\t\t<h2 class=\"sow-entry-title\" style=\"margin: 0 0 5px;\"><a href=\"https:\/\/gpv-aschheim.de\/?p=710\" rel=\"bookmark\">Maibaumaufstellungen in Aschheim und Dornach<\/a><\/h2>\t\t\t<div class=\"sow-entry-meta\">\n\t\t\t\t\t\t\t<span class=\"sow-entry-date\">\n\t\t\t\t<a href=\"https:\/\/gpv-aschheim.de\/?p=710\" rel=\"bookmark\">\n\t\t\t\t\t<time class=\"published\" datetime=\"2023-08-06T12:23:14+00:00\">\n\t\t\t\t\t\tAugust 6, 2023\t\t\t\t\t<\/time>\n\t\t\t\t\t<time class=\"updated\" datetime=\"2023-08-06T13:00:05+00:00\">\n\t\t\t\t\t\tAugust 6, 2023\t\t\t\t\t<\/time>\n\t\t\t\t<\/a>\n\t\t\t<\/span>\n\t\t\n\t\t\n\t\t\n\t\t\t\t\t<\/div>\n\t\t<\/header>\n\n\t\t\t\t\t<div\n\t\t\t\tclass=\"sow-entry-content\"\n\t\t\t\tstyle=\"margin-top: 20px;\"\n\t\t\t>\n\t\t\t\t<p>Mai 2023 \u2192 Die Maibaumaufstellung ist immer ein besonderes Highlight f\u00fcr unserer Freunde aus den Partnergemeinden und so durften wir dieses Jahr gleich zwei Gruppen aus Jedovnice und Kotvrdovice zu den Maibaumaufstellungen in Aschheim und Dornach begr\u00fc\u00dfen.<\/p>\t\t\t<\/div>\n\t\t\t\t<\/div>\n<\/article>\n<article id=\"post-632\" class=\"post-632 post type-post status-publish format-standard has-post-thumbnail hentry category-jedovnice-kotvrdovice post-with-thumbnail post-with-thumbnail-none\" style=\"margin: 0 0 30px;\">\n\t\t\t\t\t<div class=\"sow-entry-thumbnail\">\n\t\t\t\t\t\t\t\t\t\t<a href=\"https:\/\/gpv-aschheim.de\/?p=632\">\n\t\t\t\t\t\t<img loading=\"lazy\" decoding=\"async\" width=\"720\" height=\"440\" src=\"https:\/\/gpv-aschheim.de\/wp-content\/uploads\/2023\/07\/Feuerwehr.jpg\" class=\"attachment-sow-blog-grid size-sow-blog-grid wp-post-image\" alt=\"\" \/>\t\t\t\t\t<\/a>\n\t\t\t\t<\/div>\n\t\t\t\t\t\t\t<div class=\"sow-blog-content-wrapper\"\n\t\t style=\"padding: 25px 30px 33px;\">\n\t\t\t\t<header class=\"sow-entry-header\">\n\t\t\t<h2 class=\"sow-entry-title\" style=\"margin: 0 0 5px;\"><a href=\"https:\/\/gpv-aschheim.de\/?p=632\" rel=\"bookmark\">Besuch aus Kotvrdovice<\/a><\/h2>\t\t\t<div class=\"sow-entry-meta\">\n\t\t\t\t\t\t\t<span class=\"sow-entry-date\">\n\t\t\t\t<a href=\"https:\/\/gpv-aschheim.de\/?p=632\" rel=\"bookmark\">\n\t\t\t\t\t<time class=\"published\" datetime=\"2023-07-30T14:25:28+00:00\">\n\t\t\t\t\t\tJuli 30, 2023\t\t\t\t\t<\/time>\n\t\t\t\t\t<time class=\"updated\" datetime=\"2023-12-31T10:36:29+00:00\">\n\t\t\t\t\t\tDezember 31, 2023\t\t\t\t\t<\/time>\n\t\t\t\t<\/a>\n\t\t\t<\/span>\n\t\t\n\t\t\n\t\t\n\t\t\t\t\t<\/div>\n\t\t<\/header>\n\n\t\t\t\t\t<div\n\t\t\t\tclass=\"sow-entry-content\"\n\t\t\t\tstyle=\"margin-top: 20px;\"\n\t\t\t>\n\t\t\t\t<p>1.08. &#8211; 14.08.2022 \u2192 Unter Leitung des 2 B\u00fcrgermeister Martin Kovar besuchte uns eine Gruppe von 8 Personen aus unser tschechischen Partnergemeinde Kotvrdovice. Die Meisten von Ihnen haben in den vergangenen Jahren schon mal als Ferienarbeiter im Bauhof in Aschheim gearbeitet.<\/p>\t\t\t<\/div>\n\t\t\t\t<\/div>\n<\/article>\n\t\t\t<\/div>\n\t\t\t\t\t\t\t\t<\/div>\n\t<\/div><\/div><\/div><\/div><\/div>","protected":false},"excerpt":{"rendered":"","protected":false},"author":1,"featured_media":0,"parent":43,"menu_order":1,"comment_status":"closed","ping_status":"closed","template":"","meta":{"footnotes":""},"class_list":["post-553","page","type-page","status-publish","hentry","post"],"_links":{"self":[{"href":"https:\/\/gpv-aschheim.de\/index.php?rest_route=\/wp\/v2\/pages\/553","targetHints":{"allow":["GET"]}}],"collection":[{"href":"https:\/\/gpv-aschheim.de\/index.php?rest_route=\/wp\/v2\/pages"}],"about":[{"href":"https:\/\/gpv-aschheim.de\/index.php?rest_route=\/wp\/v2\/types\/page"}],"author":[{"embeddable":true,"href":"https:\/\/gpv-aschheim.de\/index.php?rest_route=\/wp\/v2\/users\/1"}],"replies":[{"embeddable":true,"href":"https:\/\/gpv-aschheim.de\/index.php?rest_route=%2Fwp%2Fv2%2Fcomments&post=553"}],"version-history":[{"count":14,"href":"https:\/\/gpv-aschheim.de\/index.php?rest_route=\/wp\/v2\/pages\/553\/revisions"}],"predecessor-version":[{"id":928,"href":"https:\/\/gpv-aschheim.de\/index.php?rest_route=\/wp\/v2\/pages\/553\/revisions\/928"}],"up":[{"embeddable":true,"href":"https:\/\/gpv-aschheim.de\/index.php?rest_route=\/wp\/v2\/pages\/43"}],"wp:attachment":[{"href":"https:\/\/gpv-aschheim.de\/index.php?rest_route=%2Fwp%2Fv2%2Fmedia&parent=553"}],"curies":[{"name":"wp","href":"https:\/\/api.w.org\/{rel}","templated":true}]}}

Aktivitäten Jedovnice

<div id="pl-gb553-69f7369c04b93"  class="panel-layout" ><div id="pg-gb553-69f7369c04b93-0"  class="panel-grid panel-no-style" ><div id="pgc-gb553-69f7369c04b93-0-0"  class="panel-grid-cell" ><div id="panel-gb553-69f7369c04b93-0-0-0" class="so-panel widget widget_sow-headline panel-first-child panel-last-child" data-index="0" ><div class="headline-gallery panel-widget-style panel-widget-style-for-gb553-69f7369c04b93-0-0-0" ><div
			
			class="so-widget-sow-headline so-widget-sow-headline-default-d6db24c2db75-553"
			
		><div class="sow-headline-container ">
							<h2 class="sow-headline">
						Unsere schönsten Erinnerungen						</h2>
											<div class="decoration">
						<div class="decoration-inside"></div>
					</div>
											<h3 class="sow-sub-headline">
						Unsere Partnerschaften leben von den gegenseitigen Besuchen, lesen Sie hier von unseren gemeinsamen Aktivitäten						</h3>
						</div>
</div></div></div></div></div><div id="pg-gb553-69f7369c04b93-1"  class="panel-grid panel-no-style" ><div id="pgc-gb553-69f7369c04b93-1-0"  class="panel-grid-cell" ><div id="panel-gb553-69f7369c04b93-1-0-0" class="so-panel widget widget_sow-blog panel-first-child panel-last-child" data-index="1" ><div
			
			class="so-widget-sow-blog so-widget-sow-blog-grid-bad24c91a795-553"
			
		>		<div
		class="sow-blog sow-blog-layout-grid"
		data-template="grid"
		data-settings="{&quot;columns&quot;:3,&quot;featured_image&quot;:true,&quot;featured_image_empty&quot;:true,&quot;featured_image_size&quot;:&quot;sow-blog-grid&quot;,&quot;featured_image_size_width&quot;:&quot;&quot;,&quot;featured_image_size_height&quot;:&quot;&quot;,&quot;tag&quot;:&quot;h2&quot;,&quot;content&quot;:&quot;excerpt&quot;,&quot;read_more&quot;:true,&quot;excerpt_length&quot;:55,&quot;date&quot;:true,&quot;filter_categories&quot;:false,&quot;so_field_container_state&quot;:&quot;open&quot;,&quot;author&quot;:false,&quot;categories&quot;:false,&quot;tags&quot;:false,&quot;comment_count&quot;:false,&quot;trim_manual_excerpt&quot;:&quot;&quot;,&quot;template&quot;:&quot;grid&quot;}"
		data-paged="1"
		data-paging-id="bad24c91a795"
		data-total-pages="1"
		data-hash="2aa2eb2b"
	>
		
							<div class="sow-blog-posts">
				<article id="post-1060" class="post-1060 post type-post status-publish format-standard has-post-thumbnail hentry category-featured category-jedovnice-kotvrdovice post-with-thumbnail post-with-thumbnail-none" style="margin: 0 0 30px;">
					<div class="sow-entry-thumbnail">
										<a href="https://gpv-aschheim.de/?p=1060">
						<img loading="lazy" decoding="async" width="720" height="440" src="https://gpv-aschheim.de/wp-content/uploads/2023/12/Gruppenbild1.jpg" class="attachment-sow-blog-grid size-sow-blog-grid wp-post-image" alt="" />					</a>
				</div>
							<div class="sow-blog-content-wrapper"
		 style="padding: 25px 30px 33px;">
				<header class="sow-entry-header">
			<h2 class="sow-entry-title" style="margin: 0 0 5px;"><a href="https://gpv-aschheim.de/?p=1060" rel="bookmark">Komiteereise nach Jedovnice und Kotvrdovice im Oktober 2023</a></h2>			<div class="sow-entry-meta">
							<span class="sow-entry-date">
				<a href="https://gpv-aschheim.de/?p=1060" rel="bookmark">
					<time class="published" datetime="2023-12-31T10:26:30+00:00">
						Dezember 31, 2023					</time>
					<time class="updated" datetime="2024-01-06T15:14:13+00:00">
						Januar 6, 2024					</time>
				</a>
			</span>
		
		
		
					</div>
		</header>

					<div
				class="sow-entry-content"
				style="margin-top: 20px;"
			>
				<p>Oktober 2023→ Vom 26.10. – 29.10.2023 fand unsere jährliche Komiteereise nach Jedovnice und Kotvrdovice statt.</p>			</div>
				</div>
</article>
<article id="post-869" class="post-869 post type-post status-publish format-standard has-post-thumbnail hentry category-jedovnice-kotvrdovice post-with-thumbnail post-with-thumbnail-none" style="margin: 0 0 30px;">
					<div class="sow-entry-thumbnail">
										<a href="https://gpv-aschheim.de/?p=869">
						<img loading="lazy" decoding="async" width="720" height="440" src="https://gpv-aschheim.de/wp-content/uploads/2023/10/Oktoberfest.jpg" class="attachment-sow-blog-grid size-sow-blog-grid wp-post-image" alt="" />					</a>
				</div>
							<div class="sow-blog-content-wrapper"
		 style="padding: 25px 30px 33px;">
				<header class="sow-entry-header">
			<h2 class="sow-entry-title" style="margin: 0 0 5px;"><a href="https://gpv-aschheim.de/?p=869" rel="bookmark">Besuch zum Oktoberfest von alten Freunden</a></h2>			<div class="sow-entry-meta">
							<span class="sow-entry-date">
				<a href="https://gpv-aschheim.de/?p=869" rel="bookmark">
					<time class="published" datetime="2023-10-01T08:51:15+00:00">
						Oktober 1, 2023					</time>
					<time class="updated" datetime="2023-10-01T10:18:47+00:00">
						Oktober 1, 2023					</time>
				</a>
			</span>
		
		
		
					</div>
		</header>

					<div
				class="sow-entry-content"
				style="margin-top: 20px;"
			>
				<p>22. &#8211; 25.09.2023 → Zum mittleren Wiesnwochenende bekamen wir Besuch von langjährigen Freunden. Unter den Gästen war der ehemalige Bürgermeister Jindřich Kocour mit Frau aus Kotvrdovice, aus Jedovnice kam der ehemalige Komissionsprecher &nbsp;Aleš Kleinbauer mit seiner Frau Renata. 6 weitere Freunde vervollständigten die Gruppe.</p>			</div>
				</div>
</article>
<article id="post-710" class="post-710 post type-post status-publish format-standard has-post-thumbnail hentry category-featured category-jedovnice-kotvrdovice post-with-thumbnail post-with-thumbnail-none" style="margin: 0 0 30px;">
					<div class="sow-entry-thumbnail">
										<a href="https://gpv-aschheim.de/?p=710">
						<img loading="lazy" decoding="async" width="720" height="440" src="https://gpv-aschheim.de/wp-content/uploads/2023/08/bild1-720x440-1.jpg" class="attachment-sow-blog-grid size-sow-blog-grid wp-post-image" alt="" />					</a>
				</div>
							<div class="sow-blog-content-wrapper"
		 style="padding: 25px 30px 33px;">
				<header class="sow-entry-header">
			<h2 class="sow-entry-title" style="margin: 0 0 5px;"><a href="https://gpv-aschheim.de/?p=710" rel="bookmark">Maibaumaufstellungen in Aschheim und Dornach</a></h2>			<div class="sow-entry-meta">
							<span class="sow-entry-date">
				<a href="https://gpv-aschheim.de/?p=710" rel="bookmark">
					<time class="published" datetime="2023-08-06T12:23:14+00:00">
						August 6, 2023					</time>
					<time class="updated" datetime="2023-08-06T13:00:05+00:00">
						August 6, 2023					</time>
				</a>
			</span>
		
		
		
					</div>
		</header>

					<div
				class="sow-entry-content"
				style="margin-top: 20px;"
			>
				<p>Mai 2023 → Die Maibaumaufstellung ist immer ein besonderes Highlight für unserer Freunde aus den Partnergemeinden und so durften wir dieses Jahr gleich zwei Gruppen aus Jedovnice und Kotvrdovice zu den Maibaumaufstellungen in Aschheim und Dornach begrüßen.</p>			</div>
				</div>
</article>
<article id="post-632" class="post-632 post type-post status-publish format-standard has-post-thumbnail hentry category-jedovnice-kotvrdovice post-with-thumbnail post-with-thumbnail-none" style="margin: 0 0 30px;">
					<div class="sow-entry-thumbnail">
										<a href="https://gpv-aschheim.de/?p=632">
						<img loading="lazy" decoding="async" width="720" height="440" src="https://gpv-aschheim.de/wp-content/uploads/2023/07/Feuerwehr.jpg" class="attachment-sow-blog-grid size-sow-blog-grid wp-post-image" alt="" />					</a>
				</div>
							<div class="sow-blog-content-wrapper"
		 style="padding: 25px 30px 33px;">
				<header class="sow-entry-header">
			<h2 class="sow-entry-title" style="margin: 0 0 5px;"><a href="https://gpv-aschheim.de/?p=632" rel="bookmark">Besuch aus Kotvrdovice</a></h2>			<div class="sow-entry-meta">
							<span class="sow-entry-date">
				<a href="https://gpv-aschheim.de/?p=632" rel="bookmark">
					<time class="published" datetime="2023-07-30T14:25:28+00:00">
						Juli 30, 2023					</time>
					<time class="updated" datetime="2023-12-31T10:36:29+00:00">
						Dezember 31, 2023					</time>
				</a>
			</span>
		
		
		
					</div>
		</header>

					<div
				class="sow-entry-content"
				style="margin-top: 20px;"
			>
				<p>1.08. &#8211; 14.08.2022 → Unter Leitung des 2 Bürgermeister Martin Kovar besuchte uns eine Gruppe von 8 Personen aus unser tschechischen Partnergemeinde Kotvrdovice. Die Meisten von Ihnen haben in den vergangenen Jahren schon mal als Ferienarbeiter im Bauhof in Aschheim gearbeitet.</p>			</div>
				</div>
</article>
			</div>
								</div>
	</div></div></div></div></div>
