{"id":567,"date":"2023-05-27T11:31:10","date_gmt":"2023-05-27T11:31:10","guid":{"rendered":"https:\/\/gpv-aschheim.de\/?page_id=567"},"modified":"2023-09-30T12:41:23","modified_gmt":"2023-09-30T12:41:23","slug":"mitglied-werden","status":"publish","type":"page","link":"https:\/\/gpv-aschheim.de\/?page_id=567","title":{"rendered":"Mitglied werden"},"content":{"rendered":"\n<p><\/p>\n\n\n\n<h2 class=\"wp-block-heading\">Wir freuen uns \u00fcber jedes neue Mitglied!<\/h2>\n\n\n\n<p>M\u00f6chten auch Sie sich aktiv an unseren Partnerschaften beteiligen? Wir freuen uns \u00fcber jedes neue Mitglied. F\u00fcllen Sie den Mitgliedsantrag aus und schicken ihn bitte an <a href=\"mailto:c.lampersberger@gpv-aschheim.de\">c.lampersberger@gpv-aschheim.de<\/a>.<br>F\u00fcr ein pers\u00f6nliches Kennenlernen in einem unserer Komitees kommen Sie zu den Komiteetreffen oder wenden Sie sich direkt an den jeweiligen KomiteesprecherIn.<\/p>\n\n\n\n<div class=\"wp-block-file\"><a id=\"wp-block-file--media-5a8fbfcd-4512-46ea-9f75-f65609f0b726\" href=\"https:\/\/gpv-aschheim.de\/wp-content\/uploads\/2023\/09\/Aufnahmeantrag-2023.pdf\" target=\"_blank\" rel=\"noreferrer noopener\">Aufnahmeantrag-2023<\/a><a href=\"https:\/\/gpv-aschheim.de\/wp-content\/uploads\/2023\/09\/Aufnahmeantrag-2023.pdf\" class=\"wp-block-file__button wp-element-button\" download aria-describedby=\"wp-block-file--media-5a8fbfcd-4512-46ea-9f75-f65609f0b726\">Herunterladen<\/a><\/div>\n","protected":false},"excerpt":{"rendered":"<p>Wir freuen uns \u00fcber jedes neue Mitglied! M\u00f6chten auch Sie sich aktiv an unseren Partnerschaften beteiligen? Wir freuen uns \u00fcber jedes neue Mitglied. F\u00fcllen Sie den Mitgliedsantrag aus und schicken ihn bitte an c.lampersberger@gpv-aschheim.de.F\u00fcr ein pers\u00f6nliches Kennenlernen in einem unserer Komitees kommen Sie zu den Komiteetreffen oder wenden Sie sich direkt an den jeweiligen KomiteesprecherIn.<\/p>\n","protected":false},"author":1,"featured_media":0,"parent":45,"menu_order":1,"comment_status":"closed","ping_status":"closed","template":"","meta":{"footnotes":""},"class_list":["post-567","page","type-page","status-publish","hentry","post"],"_links":{"self":[{"href":"https:\/\/gpv-aschheim.de\/index.php?rest_route=\/wp\/v2\/pages\/567","targetHints":{"allow":["GET"]}}],"collection":[{"href":"https:\/\/gpv-aschheim.de\/index.php?rest_route=\/wp\/v2\/pages"}],"about":[{"href":"https:\/\/gpv-aschheim.de\/index.php?rest_route=\/wp\/v2\/types\/page"}],"author":[{"embeddable":true,"href":"https:\/\/gpv-aschheim.de\/index.php?rest_route=\/wp\/v2\/users\/1"}],"replies":[{"embeddable":true,"href":"https:\/\/gpv-aschheim.de\/index.php?rest_route=%2Fwp%2Fv2%2Fcomments&post=567"}],"version-history":[{"count":4,"href":"https:\/\/gpv-aschheim.de\/index.php?rest_route=\/wp\/v2\/pages\/567\/revisions"}],"predecessor-version":[{"id":817,"href":"https:\/\/gpv-aschheim.de\/index.php?rest_route=\/wp\/v2\/pages\/567\/revisions\/817"}],"up":[{"embeddable":true,"href":"https:\/\/gpv-aschheim.de\/index.php?rest_route=\/wp\/v2\/pages\/45"}],"wp:attachment":[{"href":"https:\/\/gpv-aschheim.de\/index.php?rest_route=%2Fwp%2Fv2%2Fmedia&parent=567"}],"curies":[{"name":"wp","href":"https:\/\/api.w.org\/{rel}","templated":true}]}}