{"id":571,"date":"2023-05-27T11:31:59","date_gmt":"2023-05-27T11:31:59","guid":{"rendered":"https:\/\/gpv-aschheim.de\/?page_id=571"},"modified":"2023-12-29T10:55:08","modified_gmt":"2023-12-29T10:55:08","slug":"vereinsgeschichte","status":"publish","type":"page","link":"https:\/\/gpv-aschheim.de\/?page_id=571","title":{"rendered":"Vereinsgeschichte"},"content":{"rendered":"\n<h2 class=\"wp-block-heading\">Die Vereinsgeschichte<\/h2>\n\n\n\n<p>Im Jahr 1999 beschloss der Gemeinderat Aschheim kommunale europ\u00e4ische Partnerschaften einzugehen und unterzeichnete noch im gleichen Jahr Partnerschaftsvertr\u00e4ge mit den Gemeinden Mougins in S\u00fcdfrankreich, Jedovnice\/Kotvrodovice in Tschechien und Leros in Griechenland. Damit die Partnerschaften nicht nur auf offizieller Basis bestehen, sondern die gesamte Bev\u00f6lkerung in die Partnerschaften eingebunden werden kann, befassten sich auf Anregung von Altb\u00fcrgermeister Helmut J. Englmann von der Idee begeisterte B\u00fcrger mit der Gr\u00fcndung eines Gemeindepartnerschaftsvereins. Unter dem Dach des noch im Jahr 1999 gegr\u00fcndeten \u201eGemeindepartnerschaftsverein Aschheim e. V.\u201c sind Komitees integriert, die sich speziell mit der Pflege der Partnerschaft in den jeweiligen Partnergemeinden befassen. Die Gr\u00fcndungsmitglieder des Vereins waren Eberhard Rother, Georg B\u00f6ltl, Wera Felser, Carola Lampersberger, Franz Lampersberger, Inge Stiffel, Klaus Stiffel.<\/p>\n\n\n\n<p>Im Jahr 2010 wurde zudem eine kommunale Freundschaft mit der Gemeinde Liegau-Augustusbad in Sachsen offiziell besiegelt und als eine weitere Partnergemeinde den Partnerschaften im europ\u00e4ischen Ausland gleichgestellt. Die Freundschaft hatte sich im Rahmen der kommunalen Aufbauhilfe in den neuen Bundesl\u00e4ndern entwickelt.<\/p>\n\n\n\n<p>Der Gemeindepartnerschaftsverein Aschheim e. V. besteht nun seit mehr als 23 Jahren und ist bereits dabei, das Jubil\u00e4um \u201e25 Jahre Gemeindepartnerschaften\u201c vorzubereiten.<\/p>\n\n\n\n<p>W\u00e4hrend der vergangenen Jahre gab es viele sch\u00f6ne Begegnungen, vielseitige Erfahrungen und ein interessantes, gegenseitiges Einander-kennen-Lernen der Kulturen, der Geschichte und Traditionen im Sinne des europ\u00e4ischen Gedankens.<\/p>\n\n\n\n<p>Haben wir jetzt Ihr Interesse an den Partnerschaften geweckt? Dann bl\u00e4ttern Sie einfach weiter \u2026<\/p>\n","protected":false},"excerpt":{"rendered":"<p>Die Vereinsgeschichte Im Jahr 1999 beschloss der Gemeinderat Aschheim kommunale europ\u00e4ische Partnerschaften einzugehen und unterzeichnete noch im gleichen Jahr Partnerschaftsvertr\u00e4ge mit den Gemeinden Mougins in S\u00fcdfrankreich, Jedovnice\/Kotvrodovice in Tschechien und Leros in Griechenland. Damit die Partnerschaften nicht nur auf offizieller Basis bestehen, sondern die gesamte Bev\u00f6lkerung in die Partnerschaften eingebunden werden kann, befassten sich auf [&hellip;]<\/p>\n","protected":false},"author":1,"featured_media":0,"parent":45,"menu_order":3,"comment_status":"closed","ping_status":"closed","template":"","meta":{"footnotes":""},"class_list":["post-571","page","type-page","status-publish","hentry","post"],"_links":{"self":[{"href":"https:\/\/gpv-aschheim.de\/index.php?rest_route=\/wp\/v2\/pages\/571","targetHints":{"allow":["GET"]}}],"collection":[{"href":"https:\/\/gpv-aschheim.de\/index.php?rest_route=\/wp\/v2\/pages"}],"about":[{"href":"https:\/\/gpv-aschheim.de\/index.php?rest_route=\/wp\/v2\/types\/page"}],"author":[{"embeddable":true,"href":"https:\/\/gpv-aschheim.de\/index.php?rest_route=\/wp\/v2\/users\/1"}],"replies":[{"embeddable":true,"href":"https:\/\/gpv-aschheim.de\/index.php?rest_route=%2Fwp%2Fv2%2Fcomments&post=571"}],"version-history":[{"count":3,"href":"https:\/\/gpv-aschheim.de\/index.php?rest_route=\/wp\/v2\/pages\/571\/revisions"}],"predecessor-version":[{"id":1037,"href":"https:\/\/gpv-aschheim.de\/index.php?rest_route=\/wp\/v2\/pages\/571\/revisions\/1037"}],"up":[{"embeddable":true,"href":"https:\/\/gpv-aschheim.de\/index.php?rest_route=\/wp\/v2\/pages\/45"}],"wp:attachment":[{"href":"https:\/\/gpv-aschheim.de\/index.php?rest_route=%2Fwp%2Fv2%2Fmedia&parent=571"}],"curies":[{"name":"wp","href":"https:\/\/api.w.org\/{rel}","templated":true}]}}