{"id":604,"date":"2023-07-30T13:12:14","date_gmt":"2023-07-30T13:12:14","guid":{"rendered":"https:\/\/gpv-aschheim.de\/?page_id=604"},"modified":"2024-01-04T15:48:45","modified_gmt":"2024-01-04T15:48:45","slug":"entstehungsgeschichte-j","status":"publish","type":"page","link":"https:\/\/gpv-aschheim.de\/?page_id=604","title":{"rendered":"Entstehungsgeschichte J"},"content":{"rendered":"\n<figure class=\"wp-block-image size-full is-resized\"><img loading=\"lazy\" decoding=\"async\" src=\"https:\/\/gpv-aschheim.de\/wp-content\/uploads\/2023\/07\/unterzeichnung-j.jpg\" alt=\"\" class=\"wp-image-625\" style=\"width:720px;height:405px\" width=\"720\" height=\"405\"\/><\/figure>\n\n\n\n<h2 class=\"wp-block-heading\">Wie alles begann&#8230;<\/h2>\n\n\n\n<div class=\"wp-block-columns is-layout-flex wp-container-core-columns-is-layout-9d6595d7 wp-block-columns-is-layout-flex\">\n<div class=\"wp-block-column is-layout-flow wp-block-column-is-layout-flow\">\n<p>Nachdem der Gemeinderat sich im Herbst 1998 generell f\u00fcr Gemeindepartnerschaften ausgesprochen hatte, wurden die Fraktionen gebeten Vorschl\u00e4ge zu unterbreiten. Die SPD Fraktion Aschheim \/ Dornach war einstimmig der Meinung, dass man sich 10 Jahre nach dem Fall des Eisernen Vorhangs in Richtung Osteuropa orientieren sollte. Der langj\u00e4hrige SPD Gemeinderat Rudi Stiller hatte 1968, w\u00e4hrend des Prager Fr\u00fchlings, in Ungarn die Tschechin Bo\u0161ena P\u0159ykrilov\u00e1 kennengelernt. Die beiden Familien verband seitdem eine enge Freundschaft. Frau P\u0159ykrilov\u00e1 lebte in Kr\u00e1sova. Zu kommunistischen Zeiten bildeten die Gemeinden Jedovnice, Kotvrdovice und Krasova eine Verwaltungsgemeinschaft. Somit war schnell ein Kontakt hergestellt und im Oktober 1998 fuhren die Gemeinder\u00e4te Rudi Stiller, Reinhold Kemmer zusammen mit Carola Lampersberger nach Jedovnice. Es gab Gespr\u00e4che mit den B\u00fcrgermeistern von den drei Gemeinden. Die Gemeinden Jedovnice und Kotvrdovice zeigten sich sehr interessiert an einer Partnerschaft. Eine erste offizielle Kontaktaufnahme erfolgte durch einen Besuch des damaligen 2. B\u00fcrgermeisters Georg B\u00f6ltl in Jedovnice, bei dem sich alle Vertreter einig waren, eine Partnerschaft anzustreben. <\/p>\n<\/div>\n\n\n\n<div class=\"wp-block-column is-layout-flow wp-block-column-is-layout-flow\">\n<p>Im Fr\u00fchsommer 1999 beschloss der Gemeinderat dann einstimmig eine Gemeindepartnerschaften mit den Gemeinden Jedovnice und Kotvrdovice einzugehen. <\/p>\n\n\n\n<p>Am 11. September 1999 wurde der Partnerschaftsvertrag zwischen der Gemeinde Aschheim und den Gemeinden Jedovnice und Kotvrdovice im Rathaus von Jedovnice zum ersten Mal von den drei B\u00fcrgermeistern Jan Jelinek f\u00fcr Jedovnice, Alois Kunc f\u00fcr Kotvrdovice und Helmut J. Englmann f\u00fcr Aschheim in feierlichem Rahmen unterzeichnet. Die Aschheimer Delegation bestand aus den drei B\u00fcrgermeistern, Gemeinder\u00e4ten und interessierten B\u00fcrgerinnen und B\u00fcrgern. Die Blasmusiken von Jedovnice und Aschheim, mitgebrachtes Bier und bayerische Spezialit\u00e4ten sorgten f\u00fcr eine fr\u00f6hliche Stimmung und Wohlbehagen. Am 27. Mai 2000 erfolgte dann die Gegenzeichnung des Vertrages durch die drei B\u00fcrgermeister im Kulturellen Geb\u00e4ude in Aschheim. Das darauffolgende Fest mit Musik und Tanz, wiederum musikalisch bestritten von den Blaskapellen aus Aschheim und Jedovnice, mitgebrachtem Bier und tschechischen Spezialit\u00e4ten, bleibt in Aschheim sicher unvergessen.<\/p>\n<\/div>\n<\/div>\n","protected":false},"excerpt":{"rendered":"<p>Wie alles begann&#8230; Nachdem der Gemeinderat sich im Herbst 1998 generell f\u00fcr Gemeindepartnerschaften ausgesprochen hatte, wurden die Fraktionen gebeten Vorschl\u00e4ge zu unterbreiten. Die SPD Fraktion Aschheim \/ Dornach war einstimmig der Meinung, dass man sich 10 Jahre nach dem Fall des Eisernen Vorhangs in Richtung Osteuropa orientieren sollte. Der langj\u00e4hrige SPD Gemeinderat Rudi Stiller hatte [&hellip;]<\/p>\n","protected":false},"author":1,"featured_media":0,"parent":43,"menu_order":2,"comment_status":"closed","ping_status":"closed","template":"","meta":{"footnotes":""},"class_list":["post-604","page","type-page","status-publish","hentry","post"],"_links":{"self":[{"href":"https:\/\/gpv-aschheim.de\/index.php?rest_route=\/wp\/v2\/pages\/604","targetHints":{"allow":["GET"]}}],"collection":[{"href":"https:\/\/gpv-aschheim.de\/index.php?rest_route=\/wp\/v2\/pages"}],"about":[{"href":"https:\/\/gpv-aschheim.de\/index.php?rest_route=\/wp\/v2\/types\/page"}],"author":[{"embeddable":true,"href":"https:\/\/gpv-aschheim.de\/index.php?rest_route=\/wp\/v2\/users\/1"}],"replies":[{"embeddable":true,"href":"https:\/\/gpv-aschheim.de\/index.php?rest_route=%2Fwp%2Fv2%2Fcomments&post=604"}],"version-history":[{"count":7,"href":"https:\/\/gpv-aschheim.de\/index.php?rest_route=\/wp\/v2\/pages\/604\/revisions"}],"predecessor-version":[{"id":1130,"href":"https:\/\/gpv-aschheim.de\/index.php?rest_route=\/wp\/v2\/pages\/604\/revisions\/1130"}],"up":[{"embeddable":true,"href":"https:\/\/gpv-aschheim.de\/index.php?rest_route=\/wp\/v2\/pages\/43"}],"wp:attachment":[{"href":"https:\/\/gpv-aschheim.de\/index.php?rest_route=%2Fwp%2Fv2%2Fmedia&parent=604"}],"curies":[{"name":"wp","href":"https:\/\/api.w.org\/{rel}","templated":true}]}}

<figure class="wp-block-image size-full is-resized"><img loading="lazy" decoding="async" src="https://gpv-aschheim.de/wp-content/uploads/2023/07/unterzeichnung-j.jpg" alt="" class="wp-image-625" style="width:720px;height:405px" width="720" height="405"/></figure>



<h2 class="wp-block-heading">Wie alles begann&#8230;</h2>



<div class="wp-block-columns is-layout-flex wp-container-core-columns-is-layout-9d6595d7 wp-block-columns-is-layout-flex">
<div class="wp-block-column is-layout-flow wp-block-column-is-layout-flow">
<p>Nachdem der Gemeinderat sich im Herbst 1998 generell für Gemeindepartnerschaften ausgesprochen hatte, wurden die Fraktionen gebeten Vorschläge zu unterbreiten. Die SPD Fraktion Aschheim / Dornach war einstimmig der Meinung, dass man sich 10 Jahre nach dem Fall des Eisernen Vorhangs in Richtung Osteuropa orientieren sollte. Der langjährige SPD Gemeinderat Rudi Stiller hatte 1968, während des Prager Frühlings, in Ungarn die Tschechin Bošena Přykrilová kennengelernt. Die beiden Familien verband seitdem eine enge Freundschaft. Frau Přykrilová lebte in Krásova. Zu kommunistischen Zeiten bildeten die Gemeinden Jedovnice, Kotvrdovice und Krasova eine Verwaltungsgemeinschaft. Somit war schnell ein Kontakt hergestellt und im Oktober 1998 fuhren die Gemeinderäte Rudi Stiller, Reinhold Kemmer zusammen mit Carola Lampersberger nach Jedovnice. Es gab Gespräche mit den Bürgermeistern von den drei Gemeinden. Die Gemeinden Jedovnice und Kotvrdovice zeigten sich sehr interessiert an einer Partnerschaft. Eine erste offizielle Kontaktaufnahme erfolgte durch einen Besuch des damaligen 2. Bürgermeisters Georg Böltl in Jedovnice, bei dem sich alle Vertreter einig waren, eine Partnerschaft anzustreben. </p>
</div>



<div class="wp-block-column is-layout-flow wp-block-column-is-layout-flow">
<p>Im Frühsommer 1999 beschloss der Gemeinderat dann einstimmig eine Gemeindepartnerschaften mit den Gemeinden Jedovnice und Kotvrdovice einzugehen. </p>



<p>Am 11. September 1999 wurde der Partnerschaftsvertrag zwischen der Gemeinde Aschheim und den Gemeinden Jedovnice und Kotvrdovice im Rathaus von Jedovnice zum ersten Mal von den drei Bürgermeistern Jan Jelinek für Jedovnice, Alois Kunc für Kotvrdovice und Helmut J. Englmann für Aschheim in feierlichem Rahmen unterzeichnet. Die Aschheimer Delegation bestand aus den drei Bürgermeistern, Gemeinderäten und interessierten Bürgerinnen und Bürgern. Die Blasmusiken von Jedovnice und Aschheim, mitgebrachtes Bier und bayerische Spezialitäten sorgten für eine fröhliche Stimmung und Wohlbehagen. Am 27. Mai 2000 erfolgte dann die Gegenzeichnung des Vertrages durch die drei Bürgermeister im Kulturellen Gebäude in Aschheim. Das darauffolgende Fest mit Musik und Tanz, wiederum musikalisch bestritten von den Blaskapellen aus Aschheim und Jedovnice, mitgebrachtem Bier und tschechischen Spezialitäten, bleibt in Aschheim sicher unvergessen.</p>
</div>
</div>

<p>Wie alles begann&#8230; Nachdem der Gemeinderat sich im Herbst 1998 generell für Gemeindepartnerschaften ausgesprochen hatte, wurden die Fraktionen gebeten Vorschläge zu unterbreiten. Die SPD Fraktion Aschheim / Dornach war einstimmig der Meinung, dass man sich 10 Jahre nach dem Fall des Eisernen Vorhangs in Richtung Osteuropa orientieren sollte. Der langjährige SPD Gemeinderat Rudi Stiller hatte [&hellip;]</p>
