{"id":671,"date":"2023-08-06T11:26:51","date_gmt":"2023-08-06T11:26:51","guid":{"rendered":"https:\/\/gpv-aschheim.de\/?page_id=671"},"modified":"2023-08-06T14:08:41","modified_gmt":"2023-08-06T14:08:41","slug":"entstehungsgeschichte-l","status":"publish","type":"page","link":"https:\/\/gpv-aschheim.de\/?page_id=671","title":{"rendered":"Entstehungsgeschichte L"},"content":{"rendered":"\n<figure class=\"wp-block-image size-full\"><img loading=\"lazy\" decoding=\"async\" width=\"720\" height=\"440\" src=\"https:\/\/gpv-aschheim.de\/wp-content\/uploads\/2023\/08\/vertragsunterzeichnung-720.jpg\" alt=\"\" class=\"wp-image-760\"\/><\/figure>\n\n\n\n<h2 class=\"wp-block-heading\">Entstehung Partnerschaft Leros &#8211; Aschheim<\/h2>\n\n\n\n<h3 class=\"wp-block-heading\"><em>Wie alles begann&#8230;<\/em><\/h3>\n\n\n\n<div class=\"wp-block-columns is-layout-flex wp-container-core-columns-is-layout-9d6595d7 wp-block-columns-is-layout-flex\">\n<div class=\"wp-block-column is-layout-flow wp-block-column-is-layout-flow\">\n<p>W\u00e4hrend Petra Stilling ihren Urlaub auf Leros verbrachte, \u00fcberredete sie ihre Eltern, die zeitgleich Urlaub auf Kos gebucht hatten, doch zumindest f\u00fcr einen Tag einen Abstecher nach Leros zu machen, auf die Insel im Dodekanes, von der sie wegen ihrer Lieblichkeit, ihrer \u00dcberschaubarkeit und der freundlichen Bewohner, ganz begeistert war. Gesagt, getan: Peter und Anneliese Stilling besuchten im August 1994 f\u00fcr einen Tag Leros, empfanden das ebenso und beschlossen, den n\u00e4chsten Urlaub 1995 auf Leros zu verbringen.<\/p>\n\n\n\n<p>Dabei lernten sie Vertreter der Gemeinde und Hoteliers kennen, mit denen \u00fcber eine Ankurbelung des Tourismus auf Leros diskutiert wurde. Auf Empfehlung der Stillings besuchte daraufhin eine Gruppe aus Leros 1996 die Touristikmesse in M\u00fcnchen, \u00fcbernachtete in Aschheim, stellte sich im Rathaus vor und lernte bei einer anschlie\u00dfenden Rundfahrt die Gemeinde Aschheim kennen.<\/p>\n\n\n\n<p>Im Aschheimer Gemeinderat war man zu dieser Zeit auf Partnerschaftssuche:<br>Mougins war bereits ausgew\u00e4hlt, Jedovnice war von Gemeinderat Stiller vorgeschlagen, Gemeinderat Peter Stilling schlug nun noch Leros vor.<\/p>\n<\/div>\n\n\n\n<div class=\"wp-block-column is-layout-flow wp-block-column-is-layout-flow\">\n<p>Anfangs war man wegen der gro\u00dfen Entfernung und des schlechten Rufs, den die Insel hatte (Gef\u00e4ngnis, gr\u00f6\u00dfte Nervenheilanstalt Griechenlands), skeptisch, letztendlich wurden aber alle drei Vorschl\u00e4ge akzeptiert und einstimmig vom Gemeinderat angenommen.<\/p>\n\n\n\n<p>Im Juli 1998 besuchte eine Abordnung der Gemeinde Aschheim Leros und besprach mit der Gemeindeverwaltung Leros die M\u00f6glichkeiten einer kommunalen europ\u00e4ischen Partnerschaft.<\/p>\n\n\n\n<p><strong>Partnerschaftsvertrag<\/strong><\/p>\n\n\n\n<p>Am 10. Dezember 1999 wurde der Partnerschaftsvertrag zwischen den Gemeinden Aschheim und Leros zum 1. Mal im Kulturellen Geb\u00e4ude in Aschheim von den beiden B\u00fcrgermeistern der jeweiligen Gemeinden, Ioannis Antartes und Helmut J. Englmann, unterzeichnet. Am 23. Juni 2000 wurde dieser Vertrag auf Leros unter Teilnahme einer 58-k\u00f6pfigen Delegation aus Aschheim von den beiden B\u00fcrgermeistern in Anwesenheit des griech.-orth. Metropoliten von Leros gegengezeichnet.<\/p>\n\n\n\n<p><\/p>\n<\/div>\n<\/div>\n\n\n\n<figure class=\"wp-block-image size-full\"><img loading=\"lazy\" decoding=\"async\" width=\"1013\" height=\"619\" src=\"https:\/\/gpv-aschheim.de\/wp-content\/uploads\/2023\/08\/entstehung-720.jpg\" alt=\"\" class=\"wp-image-759\" srcset=\"https:\/\/gpv-aschheim.de\/wp-content\/uploads\/2023\/08\/entstehung-720.jpg 1013w, https:\/\/gpv-aschheim.de\/wp-content\/uploads\/2023\/08\/entstehung-720-800x489.jpg 800w, https:\/\/gpv-aschheim.de\/wp-content\/uploads\/2023\/08\/entstehung-720-768x469.jpg 768w\" sizes=\"auto, (max-width: 1013px) 100vw, 1013px\" \/><\/figure>\n","protected":false},"excerpt":{"rendered":"<p>Entstehung Partnerschaft Leros &#8211; Aschheim Wie alles begann&#8230; W\u00e4hrend Petra Stilling ihren Urlaub auf Leros verbrachte, \u00fcberredete sie ihre Eltern, die zeitgleich Urlaub auf Kos gebucht hatten, doch zumindest f\u00fcr einen Tag einen Abstecher nach Leros zu machen, auf die Insel im Dodekanes, von der sie wegen ihrer Lieblichkeit, ihrer \u00dcberschaubarkeit und der freundlichen Bewohner, [&hellip;]<\/p>\n","protected":false},"author":1,"featured_media":0,"parent":37,"menu_order":2,"comment_status":"closed","ping_status":"closed","template":"","meta":{"footnotes":""},"class_list":["post-671","page","type-page","status-publish","hentry","post"],"_links":{"self":[{"href":"https:\/\/gpv-aschheim.de\/index.php?rest_route=\/wp\/v2\/pages\/671","targetHints":{"allow":["GET"]}}],"collection":[{"href":"https:\/\/gpv-aschheim.de\/index.php?rest_route=\/wp\/v2\/pages"}],"about":[{"href":"https:\/\/gpv-aschheim.de\/index.php?rest_route=\/wp\/v2\/types\/page"}],"author":[{"embeddable":true,"href":"https:\/\/gpv-aschheim.de\/index.php?rest_route=\/wp\/v2\/users\/1"}],"replies":[{"embeddable":true,"href":"https:\/\/gpv-aschheim.de\/index.php?rest_route=%2Fwp%2Fv2%2Fcomments&post=671"}],"version-history":[{"count":2,"href":"https:\/\/gpv-aschheim.de\/index.php?rest_route=\/wp\/v2\/pages\/671\/revisions"}],"predecessor-version":[{"id":762,"href":"https:\/\/gpv-aschheim.de\/index.php?rest_route=\/wp\/v2\/pages\/671\/revisions\/762"}],"up":[{"embeddable":true,"href":"https:\/\/gpv-aschheim.de\/index.php?rest_route=\/wp\/v2\/pages\/37"}],"wp:attachment":[{"href":"https:\/\/gpv-aschheim.de\/index.php?rest_route=%2Fwp%2Fv2%2Fmedia&parent=671"}],"curies":[{"name":"wp","href":"https:\/\/api.w.org\/{rel}","templated":true}]}}

<figure class="wp-block-image size-full"><img loading="lazy" decoding="async" width="720" height="440" src="https://gpv-aschheim.de/wp-content/uploads/2023/08/vertragsunterzeichnung-720.jpg" alt="" class="wp-image-760"/></figure>



<h2 class="wp-block-heading">Entstehung Partnerschaft Leros &#8211; Aschheim</h2>



<h3 class="wp-block-heading"><em>Wie alles begann&#8230;</em></h3>



<div class="wp-block-columns is-layout-flex wp-container-core-columns-is-layout-9d6595d7 wp-block-columns-is-layout-flex">
<div class="wp-block-column is-layout-flow wp-block-column-is-layout-flow">
<p>Während Petra Stilling ihren Urlaub auf Leros verbrachte, überredete sie ihre Eltern, die zeitgleich Urlaub auf Kos gebucht hatten, doch zumindest für einen Tag einen Abstecher nach Leros zu machen, auf die Insel im Dodekanes, von der sie wegen ihrer Lieblichkeit, ihrer Überschaubarkeit und der freundlichen Bewohner, ganz begeistert war. Gesagt, getan: Peter und Anneliese Stilling besuchten im August 1994 für einen Tag Leros, empfanden das ebenso und beschlossen, den nächsten Urlaub 1995 auf Leros zu verbringen.</p>



<p>Dabei lernten sie Vertreter der Gemeinde und Hoteliers kennen, mit denen über eine Ankurbelung des Tourismus auf Leros diskutiert wurde. Auf Empfehlung der Stillings besuchte daraufhin eine Gruppe aus Leros 1996 die Touristikmesse in München, übernachtete in Aschheim, stellte sich im Rathaus vor und lernte bei einer anschließenden Rundfahrt die Gemeinde Aschheim kennen.</p>



<p>Im Aschheimer Gemeinderat war man zu dieser Zeit auf Partnerschaftssuche:<br>Mougins war bereits ausgewählt, Jedovnice war von Gemeinderat Stiller vorgeschlagen, Gemeinderat Peter Stilling schlug nun noch Leros vor.</p>
</div>



<div class="wp-block-column is-layout-flow wp-block-column-is-layout-flow">
<p>Anfangs war man wegen der großen Entfernung und des schlechten Rufs, den die Insel hatte (Gefängnis, größte Nervenheilanstalt Griechenlands), skeptisch, letztendlich wurden aber alle drei Vorschläge akzeptiert und einstimmig vom Gemeinderat angenommen.</p>



<p>Im Juli 1998 besuchte eine Abordnung der Gemeinde Aschheim Leros und besprach mit der Gemeindeverwaltung Leros die Möglichkeiten einer kommunalen europäischen Partnerschaft.</p>



<p><strong>Partnerschaftsvertrag</strong></p>



<p>Am 10. Dezember 1999 wurde der Partnerschaftsvertrag zwischen den Gemeinden Aschheim und Leros zum 1. Mal im Kulturellen Gebäude in Aschheim von den beiden Bürgermeistern der jeweiligen Gemeinden, Ioannis Antartes und Helmut J. Englmann, unterzeichnet. Am 23. Juni 2000 wurde dieser Vertrag auf Leros unter Teilnahme einer 58-köpfigen Delegation aus Aschheim von den beiden Bürgermeistern in Anwesenheit des griech.-orth. Metropoliten von Leros gegengezeichnet.</p>



<p></p>
</div>
</div>



<figure class="wp-block-image size-full"><img loading="lazy" decoding="async" width="1013" height="619" src="https://gpv-aschheim.de/wp-content/uploads/2023/08/entstehung-720.jpg" alt="" class="wp-image-759" srcset="https://gpv-aschheim.de/wp-content/uploads/2023/08/entstehung-720.jpg 1013w, https://gpv-aschheim.de/wp-content/uploads/2023/08/entstehung-720-800x489.jpg 800w, https://gpv-aschheim.de/wp-content/uploads/2023/08/entstehung-720-768x469.jpg 768w" sizes="auto, (max-width: 1013px) 100vw, 1013px" /></figure>

<p>Entstehung Partnerschaft Leros &#8211; Aschheim Wie alles begann&#8230; Während Petra Stilling ihren Urlaub auf Leros verbrachte, überredete sie ihre Eltern, die zeitgleich Urlaub auf Kos gebucht hatten, doch zumindest für einen Tag einen Abstecher nach Leros zu machen, auf die Insel im Dodekanes, von der sie wegen ihrer Lieblichkeit, ihrer Überschaubarkeit und der freundlichen Bewohner, [&hellip;]</p>
