{"id":686,"date":"2023-08-06T11:42:54","date_gmt":"2023-08-06T11:42:54","guid":{"rendered":"https:\/\/gpv-aschheim.de\/?page_id=686"},"modified":"2026-03-07T12:23:48","modified_gmt":"2026-03-07T12:23:48","slug":"entstehungsgeschichte-m","status":"publish","type":"page","link":"https:\/\/gpv-aschheim.de\/?page_id=686","title":{"rendered":"Entstehungsgeschichte Mougins"},"content":{"rendered":"\n<figure class=\"wp-block-image size-full\"><img loading=\"lazy\" decoding=\"async\" width=\"720\" height=\"440\" src=\"https:\/\/gpv-aschheim.de\/wp-content\/uploads\/2024\/01\/Luftbild_Mougins.jpg\" alt=\"\" class=\"wp-image-1145\"\/><\/figure>\n\n\n<div\n\t\t\t\n\t\t\tclass=\"so-widget-sow-accordion so-widget-sow-accordion-default-d9295f5bfa93\"\n\t\t\t\n\t\t><h3 class=\"widget-title\">Entstehungsgeschichte der Partnerschaft zwischen Mougins und Aschheim<\/h3><div>\n\t<div class=\"sow-accordion\">\n\t\t\t<div class=\"sow-accordion-panel\n\t\t\t\t\t\"\n\t\t\t\tdata-anchor-id=\"heute-eine-lebendige-partnerschaft\">\n\t\t\t\t\t<div class=\"sow-accordion-panel-header-container\" role=\"heading\" aria-level=\"2\">\n\t\t\t\t\t<div class=\"sow-accordion-panel-header\" tabindex=\"0\" role=\"button\" id=\"accordion-label-heute-eine-lebendige-partnerschaft\" aria-controls=\"accordion-content-heute-eine-lebendige-partnerschaft\" aria-expanded=\"false\">\n\t\t\t\t\t\t<div class=\"sow-accordion-title sow-accordion-title-icon-left\">\n\t\t\t\t\t\t\t\t\t\t\t\t\t\tHeute: Eine lebendige Partnerschaft\t\t\t\t\t\t\t\t\t\t\t\t\t<\/div>\n\t\t\t\t\t\t<div class=\"sow-accordion-open-close-button\">\n\t\t\t\t\t\t\t<div class=\"sow-accordion-open-button\">\n\t\t\t\t\t\t\t\t<span class=\"sow-icon-ionicons\" data-sow-icon=\"&#xf218;\"\n\t\t \n\t\taria-hidden=\"true\"><\/span>\t\t\t\t\t\t\t<\/div>\n\t\t\t\t\t\t\t<div class=\"sow-accordion-close-button\">\n\t\t\t\t\t\t\t\t<span class=\"sow-icon-ionicons\" data-sow-icon=\"&#xf209;\"\n\t\t \n\t\taria-hidden=\"true\"><\/span>\t\t\t\t\t\t\t<\/div>\n\t\t\t\t\t\t<\/div>\n\t\t\t\t\t<\/div>\n\t\t\t\t<\/div>\n\n\t\t\t<div\n\t\t\t\tclass=\"sow-accordion-panel-content\"\n\t\t\t\trole=\"region\"\n\t\t\t\taria-labelledby=\"accordion-label-heute-eine-lebendige-partnerschaft\"\n\t\t\t\tid=\"accordion-content-heute-eine-lebendige-partnerschaft\"\n\t\t\t\tstyle=\"display: none;\"\t\t\t>\n\t\t\t\t<div class=\"sow-accordion-panel-border\">\n\t\t\t\t\tBis heute besteht zwischen Aschheim und Mougins eine lebendige Partnerschaft, getragen von den Vereinen und Organisationen auf sportlicher und kultureller Ebene.\t\t\t\t<\/div>\n\t\t\t<\/div>\n\t\t<\/div>\n\t\t\t<div class=\"sow-accordion-panel\n\t\t\t\t\t\"\n\t\t\t\tdata-anchor-id=\"1999-die-feierliche-unterzeichnung\">\n\t\t\t\t\t<div class=\"sow-accordion-panel-header-container\" role=\"heading\" aria-level=\"2\">\n\t\t\t\t\t<div class=\"sow-accordion-panel-header\" tabindex=\"0\" role=\"button\" id=\"accordion-label-1999-die-feierliche-unterzeichnung\" aria-controls=\"accordion-content-1999-die-feierliche-unterzeichnung\" aria-expanded=\"false\">\n\t\t\t\t\t\t<div class=\"sow-accordion-title sow-accordion-title-icon-left\">\n\t\t\t\t\t\t\t\t\t\t\t\t\t\t1999: Die feierliche Unterzeichnung\t\t\t\t\t\t\t\t\t\t\t\t\t<\/div>\n\t\t\t\t\t\t<div class=\"sow-accordion-open-close-button\">\n\t\t\t\t\t\t\t<div class=\"sow-accordion-open-button\">\n\t\t\t\t\t\t\t\t<span class=\"sow-icon-ionicons\" data-sow-icon=\"&#xf218;\"\n\t\t \n\t\taria-hidden=\"true\"><\/span>\t\t\t\t\t\t\t<\/div>\n\t\t\t\t\t\t\t<div class=\"sow-accordion-close-button\">\n\t\t\t\t\t\t\t\t<span class=\"sow-icon-ionicons\" data-sow-icon=\"&#xf209;\"\n\t\t \n\t\taria-hidden=\"true\"><\/span>\t\t\t\t\t\t\t<\/div>\n\t\t\t\t\t\t<\/div>\n\t\t\t\t\t<\/div>\n\t\t\t\t<\/div>\n\n\t\t\t<div\n\t\t\t\tclass=\"sow-accordion-panel-content\"\n\t\t\t\trole=\"region\"\n\t\t\t\taria-labelledby=\"accordion-label-1999-die-feierliche-unterzeichnung\"\n\t\t\t\tid=\"accordion-content-1999-die-feierliche-unterzeichnung\"\n\t\t\t\tstyle=\"display: none;\"\t\t\t>\n\t\t\t\t<div class=\"sow-accordion-panel-border\">\n\t\t\t\t\tIm Mai 1999 wurde der Partnerschaftsvertrag in Mougins unterzeichnet, die Gegenzeichnung in Aschheim erfolgte im Oktober. Um die Freundschaft im Alltag zu verankern, wurde der Gemeindepartnerschaftsverein unter dem Vorsitz von Eberhard Rother gegr\u00fcndet. Ein Gl\u00fccksfall: Das heutige Partnerschaftshaus wurde erworben und bietet Raum f\u00fcr Begegnungen.\t\t\t\t<\/div>\n\t\t\t<\/div>\n\t\t<\/div>\n\t\t\t<div class=\"sow-accordion-panel\n\t\t\t\t\t\"\n\t\t\t\tdata-anchor-id=\"1994-die-entscheidende-begegnung\">\n\t\t\t\t\t<div class=\"sow-accordion-panel-header-container\" role=\"heading\" aria-level=\"2\">\n\t\t\t\t\t<div class=\"sow-accordion-panel-header\" tabindex=\"0\" role=\"button\" id=\"accordion-label-1994-die-entscheidende-begegnung\" aria-controls=\"accordion-content-1994-die-entscheidende-begegnung\" aria-expanded=\"false\">\n\t\t\t\t\t\t<div class=\"sow-accordion-title sow-accordion-title-icon-left\">\n\t\t\t\t\t\t\t\t\t\t\t\t\t\t1994: Die entscheidende Begegnung\t\t\t\t\t\t\t\t\t\t\t\t\t<\/div>\n\t\t\t\t\t\t<div class=\"sow-accordion-open-close-button\">\n\t\t\t\t\t\t\t<div class=\"sow-accordion-open-button\">\n\t\t\t\t\t\t\t\t<span class=\"sow-icon-ionicons\" data-sow-icon=\"&#xf218;\"\n\t\t \n\t\taria-hidden=\"true\"><\/span>\t\t\t\t\t\t\t<\/div>\n\t\t\t\t\t\t\t<div class=\"sow-accordion-close-button\">\n\t\t\t\t\t\t\t\t<span class=\"sow-icon-ionicons\" data-sow-icon=\"&#xf209;\"\n\t\t \n\t\taria-hidden=\"true\"><\/span>\t\t\t\t\t\t\t<\/div>\n\t\t\t\t\t\t<\/div>\n\t\t\t\t\t<\/div>\n\t\t\t\t<\/div>\n\n\t\t\t<div\n\t\t\t\tclass=\"sow-accordion-panel-content\"\n\t\t\t\trole=\"region\"\n\t\t\t\taria-labelledby=\"accordion-label-1994-die-entscheidende-begegnung\"\n\t\t\t\tid=\"accordion-content-1994-die-entscheidende-begegnung\"\n\t\t\t\tstyle=\"display: none;\"\t\t\t>\n\t\t\t\t<div class=\"sow-accordion-panel-border\">\n\t\t\t\t\t<p>Bei einer Messe im D\u00e9partement Alpes-Maritimes lernt B\u00fcrgermeister Helmut Englmann Herrn Duhalde aus Mougins kennen. Die gemeinsame Begeisterung f\u00fcr De Gaulle schafft sofort Vertrauen. Es folgen f\u00fcnf Jahre intensiver Gespr\u00e4che und Planungen.<\/p>\n\t\t\t\t<\/div>\n\t\t\t<\/div>\n\t\t<\/div>\n\t\t\t<div class=\"sow-accordion-panel\n\t\t\t\t\t\"\n\t\t\t\tdata-anchor-id=\"1988-1990-der-wunsch-nach-einheit\">\n\t\t\t\t\t<div class=\"sow-accordion-panel-header-container\" role=\"heading\" aria-level=\"2\">\n\t\t\t\t\t<div class=\"sow-accordion-panel-header\" tabindex=\"0\" role=\"button\" id=\"accordion-label-1988-%e2%80%93-1990-der-wunsch-nach-einheit\" aria-controls=\"accordion-content-1988-%e2%80%93-1990-der-wunsch-nach-einheit\" aria-expanded=\"false\">\n\t\t\t\t\t\t<div class=\"sow-accordion-title sow-accordion-title-icon-left\">\n\t\t\t\t\t\t\t\t\t\t\t\t\t\t1988 \u2013 1990: Der Wunsch nach Einheit\t\t\t\t\t\t\t\t\t\t\t\t\t<\/div>\n\t\t\t\t\t\t<div class=\"sow-accordion-open-close-button\">\n\t\t\t\t\t\t\t<div class=\"sow-accordion-open-button\">\n\t\t\t\t\t\t\t\t<span class=\"sow-icon-ionicons\" data-sow-icon=\"&#xf218;\"\n\t\t \n\t\taria-hidden=\"true\"><\/span>\t\t\t\t\t\t\t<\/div>\n\t\t\t\t\t\t\t<div class=\"sow-accordion-close-button\">\n\t\t\t\t\t\t\t\t<span class=\"sow-icon-ionicons\" data-sow-icon=\"&#xf209;\"\n\t\t \n\t\taria-hidden=\"true\"><\/span>\t\t\t\t\t\t\t<\/div>\n\t\t\t\t\t\t<\/div>\n\t\t\t\t\t<\/div>\n\t\t\t\t<\/div>\n\n\t\t\t<div\n\t\t\t\tclass=\"sow-accordion-panel-content\"\n\t\t\t\trole=\"region\"\n\t\t\t\taria-labelledby=\"accordion-label-1988-%e2%80%93-1990-der-wunsch-nach-einheit\"\n\t\t\t\tid=\"accordion-content-1988-%e2%80%93-1990-der-wunsch-nach-einheit\"\n\t\t\t\tstyle=\"display: none;\"\t\t\t>\n\t\t\t\t<div class=\"sow-accordion-panel-border\">\n\t\t\t\t\t<p>Nach einem ersten Besuch franz\u00f6sischer B\u00fcrgermeister 1988 w\u00e4chst mit der Deutschen Einheit 1990 der Wunsch, dass Aschheim feste Partnergemeinden haben sollte. Eine Partnerschaft mit Grasse wurde abgelehnt \u2013 die &#8222;Parf\u00fcmstadt&#8220; war f\u00fcr das kleine Aschheim einfach zu gro\u00df.<\/p>\n\t\t\t\t<\/div>\n\t\t\t<\/div>\n\t\t<\/div>\n\t\t\t<div class=\"sow-accordion-panel\n\t\t\t\t\t\"\n\t\t\t\tdata-anchor-id=\"die-wurzeln-eine-vision-von-freundschaft\">\n\t\t\t\t\t<div class=\"sow-accordion-panel-header-container\" role=\"heading\" aria-level=\"2\">\n\t\t\t\t\t<div class=\"sow-accordion-panel-header\" tabindex=\"0\" role=\"button\" id=\"accordion-label-die-wurzeln-eine-vision-von-freundschaft\" aria-controls=\"accordion-content-die-wurzeln-eine-vision-von-freundschaft\" aria-expanded=\"false\">\n\t\t\t\t\t\t<div class=\"sow-accordion-title sow-accordion-title-icon-left\">\n\t\t\t\t\t\t\t\t\t\t\t\t\t\tDie Wurzeln: Eine Vision von Freundschaft\t\t\t\t\t\t\t\t\t\t\t\t\t<\/div>\n\t\t\t\t\t\t<div class=\"sow-accordion-open-close-button\">\n\t\t\t\t\t\t\t<div class=\"sow-accordion-open-button\">\n\t\t\t\t\t\t\t\t<span class=\"sow-icon-ionicons\" data-sow-icon=\"&#xf218;\"\n\t\t \n\t\taria-hidden=\"true\"><\/span>\t\t\t\t\t\t\t<\/div>\n\t\t\t\t\t\t\t<div class=\"sow-accordion-close-button\">\n\t\t\t\t\t\t\t\t<span class=\"sow-icon-ionicons\" data-sow-icon=\"&#xf209;\"\n\t\t \n\t\taria-hidden=\"true\"><\/span>\t\t\t\t\t\t\t<\/div>\n\t\t\t\t\t\t<\/div>\n\t\t\t\t\t<\/div>\n\t\t\t\t<\/div>\n\n\t\t\t<div\n\t\t\t\tclass=\"sow-accordion-panel-content\"\n\t\t\t\trole=\"region\"\n\t\t\t\taria-labelledby=\"accordion-label-die-wurzeln-eine-vision-von-freundschaft\"\n\t\t\t\tid=\"accordion-content-die-wurzeln-eine-vision-von-freundschaft\"\n\t\t\t\tstyle=\"display: none;\"\t\t\t>\n\t\t\t\t<div class=\"sow-accordion-panel-border\">\n\t\t\t\t\t<p>Alles begann mit Helmut Englmanns Erlebnissen als junger Mann. In M\u00fcnchen h\u00f6rte er die historische Rede von De Gaulle und Adenauer. Diese Vision der deutsch-franz\u00f6sischen Freundschaft pr\u00e4gte ihn so tief, dass er sie Jahrzehnte sp\u00e4ter als B\u00fcrgermeister von Aschheim in die Tat umsetzte.<\/p>\n\t\t\t\t<\/div>\n\t\t\t<\/div>\n\t\t<\/div>\n\t\t<\/div>\n<\/div>\n<\/div>\n\n\n<div class=\"wp-block-columns is-layout-flex wp-container-core-columns-is-layout-9d6595d7 wp-block-columns-is-layout-flex\">\n<div class=\"wp-block-column is-layout-flow wp-block-column-is-layout-flow\">\n<p> <\/p>\n<\/div>\n<\/div>\n","protected":false},"excerpt":{"rendered":"","protected":false},"author":1,"featured_media":0,"parent":41,"menu_order":2,"comment_status":"closed","ping_status":"closed","template":"","meta":{"footnotes":""},"class_list":["post-686","page","type-page","status-publish","hentry","post"],"_links":{"self":[{"href":"https:\/\/gpv-aschheim.de\/index.php?rest_route=\/wp\/v2\/pages\/686","targetHints":{"allow":["GET"]}}],"collection":[{"href":"https:\/\/gpv-aschheim.de\/index.php?rest_route=\/wp\/v2\/pages"}],"about":[{"href":"https:\/\/gpv-aschheim.de\/index.php?rest_route=\/wp\/v2\/types\/page"}],"author":[{"embeddable":true,"href":"https:\/\/gpv-aschheim.de\/index.php?rest_route=\/wp\/v2\/users\/1"}],"replies":[{"embeddable":true,"href":"https:\/\/gpv-aschheim.de\/index.php?rest_route=%2Fwp%2Fv2%2Fcomments&post=686"}],"version-history":[{"count":8,"href":"https:\/\/gpv-aschheim.de\/index.php?rest_route=\/wp\/v2\/pages\/686\/revisions"}],"predecessor-version":[{"id":1221,"href":"https:\/\/gpv-aschheim.de\/index.php?rest_route=\/wp\/v2\/pages\/686\/revisions\/1221"}],"up":[{"embeddable":true,"href":"https:\/\/gpv-aschheim.de\/index.php?rest_route=\/wp\/v2\/pages\/41"}],"wp:attachment":[{"href":"https:\/\/gpv-aschheim.de\/index.php?rest_route=%2Fwp%2Fv2%2Fmedia&parent=686"}],"curies":[{"name":"wp","href":"https:\/\/api.w.org\/{rel}","templated":true}]}}

<figure class="wp-block-image size-full"><img loading="lazy" decoding="async" width="720" height="440" src="https://gpv-aschheim.de/wp-content/uploads/2024/01/Luftbild_Mougins.jpg" alt="" class="wp-image-1145"/></figure>


<div
			
			class="so-widget-sow-accordion so-widget-sow-accordion-default-d9295f5bfa93"
			
		><h3 class="widget-title">Entstehungsgeschichte der Partnerschaft zwischen Mougins und Aschheim</h3><div>
	<div class="sow-accordion">
			<div class="sow-accordion-panel
					"
				data-anchor-id="heute-eine-lebendige-partnerschaft">
					<div class="sow-accordion-panel-header-container" role="heading" aria-level="2">
					<div class="sow-accordion-panel-header" tabindex="0" role="button" id="accordion-label-heute-eine-lebendige-partnerschaft" aria-controls="accordion-content-heute-eine-lebendige-partnerschaft" aria-expanded="false">
						<div class="sow-accordion-title sow-accordion-title-icon-left">
														Heute: Eine lebendige Partnerschaft													</div>
						<div class="sow-accordion-open-close-button">
							<div class="sow-accordion-open-button">
								<span class="sow-icon-ionicons" data-sow-icon="&#xf218;"
		 
		aria-hidden="true"></span>							</div>
							<div class="sow-accordion-close-button">
								<span class="sow-icon-ionicons" data-sow-icon="&#xf209;"
		 
		aria-hidden="true"></span>							</div>
						</div>
					</div>
				</div>

			<div
				class="sow-accordion-panel-content"
				role="region"
				aria-labelledby="accordion-label-heute-eine-lebendige-partnerschaft"
				id="accordion-content-heute-eine-lebendige-partnerschaft"
				style="display: none;"			>
				<div class="sow-accordion-panel-border">
					Bis heute besteht zwischen Aschheim und Mougins eine lebendige Partnerschaft, getragen von den Vereinen und Organisationen auf sportlicher und kultureller Ebene.				</div>
			</div>
		</div>
			<div class="sow-accordion-panel
					"
				data-anchor-id="1999-die-feierliche-unterzeichnung">
					<div class="sow-accordion-panel-header-container" role="heading" aria-level="2">
					<div class="sow-accordion-panel-header" tabindex="0" role="button" id="accordion-label-1999-die-feierliche-unterzeichnung" aria-controls="accordion-content-1999-die-feierliche-unterzeichnung" aria-expanded="false">
						<div class="sow-accordion-title sow-accordion-title-icon-left">
														1999: Die feierliche Unterzeichnung													</div>
						<div class="sow-accordion-open-close-button">
							<div class="sow-accordion-open-button">
								<span class="sow-icon-ionicons" data-sow-icon="&#xf218;"
		 
		aria-hidden="true"></span>							</div>
							<div class="sow-accordion-close-button">
								<span class="sow-icon-ionicons" data-sow-icon="&#xf209;"
		 
		aria-hidden="true"></span>							</div>
						</div>
					</div>
				</div>

			<div
				class="sow-accordion-panel-content"
				role="region"
				aria-labelledby="accordion-label-1999-die-feierliche-unterzeichnung"
				id="accordion-content-1999-die-feierliche-unterzeichnung"
				style="display: none;"			>
				<div class="sow-accordion-panel-border">
					Im Mai 1999 wurde der Partnerschaftsvertrag in Mougins unterzeichnet, die Gegenzeichnung in Aschheim erfolgte im Oktober. Um die Freundschaft im Alltag zu verankern, wurde der Gemeindepartnerschaftsverein unter dem Vorsitz von Eberhard Rother gegründet. Ein Glücksfall: Das heutige Partnerschaftshaus wurde erworben und bietet Raum für Begegnungen.				</div>
			</div>
		</div>
			<div class="sow-accordion-panel
					"
				data-anchor-id="1994-die-entscheidende-begegnung">
					<div class="sow-accordion-panel-header-container" role="heading" aria-level="2">
					<div class="sow-accordion-panel-header" tabindex="0" role="button" id="accordion-label-1994-die-entscheidende-begegnung" aria-controls="accordion-content-1994-die-entscheidende-begegnung" aria-expanded="false">
						<div class="sow-accordion-title sow-accordion-title-icon-left">
														1994: Die entscheidende Begegnung													</div>
						<div class="sow-accordion-open-close-button">
							<div class="sow-accordion-open-button">
								<span class="sow-icon-ionicons" data-sow-icon="&#xf218;"
		 
		aria-hidden="true"></span>							</div>
							<div class="sow-accordion-close-button">
								<span class="sow-icon-ionicons" data-sow-icon="&#xf209;"
		 
		aria-hidden="true"></span>							</div>
						</div>
					</div>
				</div>

			<div
				class="sow-accordion-panel-content"
				role="region"
				aria-labelledby="accordion-label-1994-die-entscheidende-begegnung"
				id="accordion-content-1994-die-entscheidende-begegnung"
				style="display: none;"			>
				<div class="sow-accordion-panel-border">
					<p>Bei einer Messe im Département Alpes-Maritimes lernt Bürgermeister Helmut Englmann Herrn Duhalde aus Mougins kennen. Die gemeinsame Begeisterung für De Gaulle schafft sofort Vertrauen. Es folgen fünf Jahre intensiver Gespräche und Planungen.</p>
				</div>
			</div>
		</div>
			<div class="sow-accordion-panel
					"
				data-anchor-id="1988-1990-der-wunsch-nach-einheit">
					<div class="sow-accordion-panel-header-container" role="heading" aria-level="2">
					<div class="sow-accordion-panel-header" tabindex="0" role="button" id="accordion-label-1988-%e2%80%93-1990-der-wunsch-nach-einheit" aria-controls="accordion-content-1988-%e2%80%93-1990-der-wunsch-nach-einheit" aria-expanded="false">
						<div class="sow-accordion-title sow-accordion-title-icon-left">
														1988 – 1990: Der Wunsch nach Einheit													</div>
						<div class="sow-accordion-open-close-button">
							<div class="sow-accordion-open-button">
								<span class="sow-icon-ionicons" data-sow-icon="&#xf218;"
		 
		aria-hidden="true"></span>							</div>
							<div class="sow-accordion-close-button">
								<span class="sow-icon-ionicons" data-sow-icon="&#xf209;"
		 
		aria-hidden="true"></span>							</div>
						</div>
					</div>
				</div>

			<div
				class="sow-accordion-panel-content"
				role="region"
				aria-labelledby="accordion-label-1988-%e2%80%93-1990-der-wunsch-nach-einheit"
				id="accordion-content-1988-%e2%80%93-1990-der-wunsch-nach-einheit"
				style="display: none;"			>
				<div class="sow-accordion-panel-border">
					<p>Nach einem ersten Besuch französischer Bürgermeister 1988 wächst mit der Deutschen Einheit 1990 der Wunsch, dass Aschheim feste Partnergemeinden haben sollte. Eine Partnerschaft mit Grasse wurde abgelehnt – die &#8222;Parfümstadt&#8220; war für das kleine Aschheim einfach zu groß.</p>
				</div>
			</div>
		</div>
			<div class="sow-accordion-panel
					"
				data-anchor-id="die-wurzeln-eine-vision-von-freundschaft">
					<div class="sow-accordion-panel-header-container" role="heading" aria-level="2">
					<div class="sow-accordion-panel-header" tabindex="0" role="button" id="accordion-label-die-wurzeln-eine-vision-von-freundschaft" aria-controls="accordion-content-die-wurzeln-eine-vision-von-freundschaft" aria-expanded="false">
						<div class="sow-accordion-title sow-accordion-title-icon-left">
														Die Wurzeln: Eine Vision von Freundschaft													</div>
						<div class="sow-accordion-open-close-button">
							<div class="sow-accordion-open-button">
								<span class="sow-icon-ionicons" data-sow-icon="&#xf218;"
		 
		aria-hidden="true"></span>							</div>
							<div class="sow-accordion-close-button">
								<span class="sow-icon-ionicons" data-sow-icon="&#xf209;"
		 
		aria-hidden="true"></span>							</div>
						</div>
					</div>
				</div>

			<div
				class="sow-accordion-panel-content"
				role="region"
				aria-labelledby="accordion-label-die-wurzeln-eine-vision-von-freundschaft"
				id="accordion-content-die-wurzeln-eine-vision-von-freundschaft"
				style="display: none;"			>
				<div class="sow-accordion-panel-border">
					<p>Alles begann mit Helmut Englmanns Erlebnissen als junger Mann. In München hörte er die historische Rede von De Gaulle und Adenauer. Diese Vision der deutsch-französischen Freundschaft prägte ihn so tief, dass er sie Jahrzehnte später als Bürgermeister von Aschheim in die Tat umsetzte.</p>
				</div>
			</div>
		</div>
		</div>
</div>
</div>


<div class="wp-block-columns is-layout-flex wp-container-core-columns-is-layout-9d6595d7 wp-block-columns-is-layout-flex">
<div class="wp-block-column is-layout-flow wp-block-column-is-layout-flow">
<p> </p>
</div>
</div>
