{"id":935,"date":"2023-10-01T10:49:14","date_gmt":"2023-10-01T10:49:14","guid":{"rendered":"https:\/\/gpv-aschheim.de\/?page_id=935"},"modified":"2024-04-29T19:45:38","modified_gmt":"2024-04-29T19:45:38","slug":"das-partnerschaftshaus","status":"publish","type":"page","link":"https:\/\/gpv-aschheim.de\/?page_id=935","title":{"rendered":"Das Partnerschaftshaus"},"content":{"rendered":"\n<p>Kurz vor Beginn der Partnerschaften hat die Gemeinde Aschheim neben dem Rathaus ein Einfamilienhaus erworben, welches dann nach Gr\u00fcndung der Partnerschaften dem Partnerschaftsverein f\u00fcr Besuche aus den Partnergemeinden zur Verf\u00fcgung gestellt wurde.<\/p>\n\n\n\n<!--more-->\n\n\n\n<div class=\"wp-block-columns is-layout-flex wp-container-core-columns-is-layout-9d6595d7 wp-block-columns-is-layout-flex\">\n<div class=\"wp-block-column is-layout-flow wp-block-column-is-layout-flow\">\n<figure class=\"wp-block-image size-full\"><img loading=\"lazy\" decoding=\"async\" width=\"720\" height=\"440\" src=\"https:\/\/gpv-aschheim.de\/wp-content\/uploads\/2023\/12\/PHaus_alt.jpg\" alt=\"\" class=\"wp-image-1031\"\/><\/figure>\n\n\n\n<p class=\"has-text-align-center\"><em>das alte Partnerschaftshaus<\/em><\/p>\n<\/div>\n\n\n\n<div class=\"wp-block-column is-layout-flow wp-block-column-is-layout-flow\">\n<figure class=\"wp-block-image size-full\"><img loading=\"lazy\" decoding=\"async\" width=\"720\" height=\"440\" src=\"https:\/\/gpv-aschheim.de\/wp-content\/uploads\/2023\/12\/PHaus_neu.jpg\" alt=\"\" class=\"wp-image-1032\"\/><\/figure>\n\n\n\n<p class=\"has-text-align-center\"> <em>das neue Partnerschaftshaus<\/em><\/p>\n<\/div>\n<\/div>\n\n\n\n<p>Viele wundersch\u00f6ne Begegnungen haben dort im Laufe der letzten Jahre stattgefunden. Unsere G\u00e4ste genie\u00dfen das pers\u00f6nliche Ambiente dieses Hauses, hier wird Partnerschaft bei jedem Besuch gelebt. Die Komitees k\u00fcmmern sich um die Verk\u00f6stigung der G\u00e4ste, das zwanglose abendliche Zusammensein f\u00f6rdert die Freundschaften und belebt die Partnerschaften.<br>In 2024 wird der Partnerschaftsverein ein neues Zuhause beziehen. Im Zuge des neuen Rathauses wird das jetzige Partnerschaftshaus k\u00fcnftig f\u00fcr Rathauszwecke genutzt werden und wir bekommen eine neue Heimat im ehemaligen Boardinghaus in der Marsstra\u00dfe. Wir hoffen sehr, dass die n\u00f6tigen Umbauma\u00dfnahmen bis zum Sommer abgeschlossen sind und wir Sie anl\u00e4sslich unseres Sommerfestes am 19. Juli 2024 zu einem Tag der offenen T\u00fcr begr\u00fc\u00dfen d\u00fcrfen.<\/p>\n","protected":false},"excerpt":{"rendered":"<p>Kurz vor Beginn der Partnerschaften hat die Gemeinde Aschheim neben dem Rathaus ein Einfamilienhaus erworben, welches dann nach Gr\u00fcndung der Partnerschaften dem Partnerschaftsverein f\u00fcr Besuche aus den Partnergemeinden zur Verf\u00fcgung gestellt wurde.<\/p>\n","protected":false},"author":1,"featured_media":0,"parent":45,"menu_order":6,"comment_status":"closed","ping_status":"closed","template":"","meta":{"footnotes":""},"class_list":["post-935","page","type-page","status-publish","hentry","post"],"_links":{"self":[{"href":"https:\/\/gpv-aschheim.de\/index.php?rest_route=\/wp\/v2\/pages\/935","targetHints":{"allow":["GET"]}}],"collection":[{"href":"https:\/\/gpv-aschheim.de\/index.php?rest_route=\/wp\/v2\/pages"}],"about":[{"href":"https:\/\/gpv-aschheim.de\/index.php?rest_route=\/wp\/v2\/types\/page"}],"author":[{"embeddable":true,"href":"https:\/\/gpv-aschheim.de\/index.php?rest_route=\/wp\/v2\/users\/1"}],"replies":[{"embeddable":true,"href":"https:\/\/gpv-aschheim.de\/index.php?rest_route=%2Fwp%2Fv2%2Fcomments&post=935"}],"version-history":[{"count":7,"href":"https:\/\/gpv-aschheim.de\/index.php?rest_route=\/wp\/v2\/pages\/935\/revisions"}],"predecessor-version":[{"id":1160,"href":"https:\/\/gpv-aschheim.de\/index.php?rest_route=\/wp\/v2\/pages\/935\/revisions\/1160"}],"up":[{"embeddable":true,"href":"https:\/\/gpv-aschheim.de\/index.php?rest_route=\/wp\/v2\/pages\/45"}],"wp:attachment":[{"href":"https:\/\/gpv-aschheim.de\/index.php?rest_route=%2Fwp%2Fv2%2Fmedia&parent=935"}],"curies":[{"name":"wp","href":"https:\/\/api.w.org\/{rel}","templated":true}]}}

<p>Kurz vor Beginn der Partnerschaften hat die Gemeinde Aschheim neben dem Rathaus ein Einfamilienhaus erworben, welches dann nach Gründung der Partnerschaften dem Partnerschaftsverein für Besuche aus den Partnergemeinden zur Verfügung gestellt wurde.</p>



<!--more-->



<div class="wp-block-columns is-layout-flex wp-container-core-columns-is-layout-9d6595d7 wp-block-columns-is-layout-flex">
<div class="wp-block-column is-layout-flow wp-block-column-is-layout-flow">
<figure class="wp-block-image size-full"><img loading="lazy" decoding="async" width="720" height="440" src="https://gpv-aschheim.de/wp-content/uploads/2023/12/PHaus_alt.jpg" alt="" class="wp-image-1031"/></figure>



<p class="has-text-align-center"><em>das alte Partnerschaftshaus</em></p>
</div>



<div class="wp-block-column is-layout-flow wp-block-column-is-layout-flow">
<figure class="wp-block-image size-full"><img loading="lazy" decoding="async" width="720" height="440" src="https://gpv-aschheim.de/wp-content/uploads/2023/12/PHaus_neu.jpg" alt="" class="wp-image-1032"/></figure>



<p class="has-text-align-center"> <em>das neue Partnerschaftshaus</em></p>
</div>
</div>



<p>Viele wunderschöne Begegnungen haben dort im Laufe der letzten Jahre stattgefunden. Unsere Gäste genießen das persönliche Ambiente dieses Hauses, hier wird Partnerschaft bei jedem Besuch gelebt. Die Komitees kümmern sich um die Verköstigung der Gäste, das zwanglose abendliche Zusammensein fördert die Freundschaften und belebt die Partnerschaften.<br>In 2024 wird der Partnerschaftsverein ein neues Zuhause beziehen. Im Zuge des neuen Rathauses wird das jetzige Partnerschaftshaus künftig für Rathauszwecke genutzt werden und wir bekommen eine neue Heimat im ehemaligen Boardinghaus in der Marsstraße. Wir hoffen sehr, dass die nötigen Umbaumaßnahmen bis zum Sommer abgeschlossen sind und wir Sie anlässlich unseres Sommerfestes am 19. Juli 2024 zu einem Tag der offenen Tür begrüßen dürfen.</p>

<p>Kurz vor Beginn der Partnerschaften hat die Gemeinde Aschheim neben dem Rathaus ein Einfamilienhaus erworben, welches dann nach Gründung der Partnerschaften dem Partnerschaftsverein für Besuche aus den Partnergemeinden zur Verfügung gestellt wurde.</p>
